{"id":13581,"date":"2025-05-16T14:27:13","date_gmt":"2025-05-16T14:27:13","guid":{"rendered":"https:\/\/www.entrerios.gov.ar\/cultura\/?page_id=13581"},"modified":"2025-08-08T14:46:50","modified_gmt":"2025-08-08T14:46:50","slug":"salas-museo-casa-de-gobierno","status":"publish","type":"page","link":"https:\/\/www.entrerios.gov.ar\/cultura\/museo-casa-de-gobierno\/salas-museo-casa-de-gobierno\/","title":{"rendered":"Salas Museo Casa de Gobierno"},"content":{"rendered":"<p>[et_pb_section fb_built=&#8221;1&#8243; _builder_version=&#8221;4.21.2&#8243; _module_preset=&#8221;default&#8221; custom_margin=&#8221;0px|0px|0px|0px|false|false&#8221; custom_padding=&#8221;0px|0px|0px|0px|false|false&#8221; hover_enabled=&#8221;0&#8243; global_colors_info=&#8221;{}&#8221; sticky_enabled=&#8221;0&#8243;][et_pb_row column_structure=&#8221;1_2,1_2&#8243; _builder_version=&#8221;4.16&#8243; _module_preset=&#8221;default&#8221; width=&#8221;95%&#8221; max_width=&#8221;95%&#8221; hover_enabled=&#8221;0&#8243; global_colors_info=&#8221;{}&#8221; sticky_enabled=&#8221;0&#8243;][et_pb_column type=&#8221;1_2&#8243; _builder_version=&#8221;4.16&#8243; _module_preset=&#8221;default&#8221; global_colors_info=&#8221;{}&#8221;][et_pb_text _builder_version=&#8221;4.21.2&#8243; _module_preset=&#8221;default&#8221; text_text_color=&#8221;#7CDA24&#8243; header_text_color=&#8221;#8e8e8e&#8221; custom_padding=&#8221;||0px|||&#8221; global_colors_info=&#8221;{}&#8221;]<\/p>\n<p>&nbsp;<\/p>\n<h1><b>SALAS MUSEO DE CASA DE GOBIERNO<\/b><\/h1>\n<p>[\/et_pb_text][et_pb_image src=&#8221;https:\/\/www.entrerios.gov.ar\/cultura\/wp-content\/uploads\/2021\/08\/54490640169_484943ab54_o.jpg&#8221; title_text=&#8221;54490640169_484943ab54_o&#8221; force_fullwidth=&#8221;on&#8221; _builder_version=&#8221;4.21.2&#8243; _module_preset=&#8221;default&#8221; custom_margin=&#8221;0px||0px||false|false&#8221; global_colors_info=&#8221;{}&#8221;][\/et_pb_image][et_pb_image src=&#8221;https:\/\/www.entrerios.gov.ar\/cultura\/wp-content\/uploads\/2021\/08\/54490721623_72f45978dc_o.jpg&#8221; title_text=&#8221;54490721623_72f45978dc_o&#8221; force_fullwidth=&#8221;on&#8221; _builder_version=&#8221;4.21.2&#8243; _module_preset=&#8221;default&#8221; custom_margin=&#8221;0px||0px||false|false&#8221; global_colors_info=&#8221;{}&#8221;][\/et_pb_image][et_pb_image src=&#8221;https:\/\/www.entrerios.gov.ar\/cultura\/wp-content\/uploads\/2021\/08\/54490721693_42a7921882_o.jpg&#8221; title_text=&#8221;54490721693_42a7921882_o&#8221; force_fullwidth=&#8221;on&#8221; _builder_version=&#8221;4.21.2&#8243; _module_preset=&#8221;default&#8221; custom_margin=&#8221;0px||0px||false|false&#8221; global_colors_info=&#8221;{}&#8221;][\/et_pb_image][\/et_pb_column][et_pb_column type=&#8221;1_2&#8243; _builder_version=&#8221;4.16&#8243; _module_preset=&#8221;default&#8221; global_colors_info=&#8221;{}&#8221;][et_pb_text _builder_version=&#8221;4.21.2&#8243; _module_preset=&#8221;default&#8221; text_font_size=&#8221;15px&#8221; text_line_height=&#8221;1.3em&#8221; custom_padding=&#8221;||0px|||&#8221; global_colors_info=&#8221;{}&#8221;]<\/p>\n<p>&nbsp;<\/p>\n<p>&nbsp;<\/p>\n<p><strong><u><\/u><\/strong><\/p>\n<p><strong><u><\/u><\/strong><\/p>\n<p><strong><u><\/u><\/strong><\/p>\n<p><strong><\/strong><\/p>\n<p><strong><u><\/u><\/strong><\/p>\n<h3><span style=\"color: #808080;\">Museo de Casa de Gobierno de Entre R\u00edos<\/span><\/h3>\n<p>El Museo Casa de Gobierno de Entre R\u00edos fue inaugurado el 8 de julio de 2016, con el prop\u00f3sito de poner en valor y rescatar la historia y la arquitectura de un edificio emblem\u00e1tico, a trav\u00e9s de objetos, documentaci\u00f3n y relatos de la vida institucional.<\/p>\n<p>El museo, ubicado en calle M\u00e9xico esquina C\u00f3rdoba de la ciudad de Paran\u00e1, cuenta con un total de cinco salas tem\u00e1ticas:<\/p>\n<h3><span style=\"color: #999999;\">A. SALA DEL ORIGEN<\/span><\/h3>\n<p>Se exhiben cuatro paneles relacionados a la historia de la provincia, la arquitectura del edificio de Casa de Gobierno, el reloj y las campanas. El Decreto de Fundaci\u00f3n de Entre R\u00edos, una maqueta del Palacio de Gobierno, la maquinaria interna del reloj, son algunos de los elementos que representan la sala.<\/p>\n<h3><span style=\"color: #999999;\">B. SALA DEL PODER EJECUTIVO<\/span><\/h3>\n<p>Esta sala pone de manifiesto, a trav\u00e9s de distintos s\u00edmbolos, los atributos y deberes del Poder Ejecutivo. Permite tambi\u00e9n, a trav\u00e9s de la reproducci\u00f3n de \u00e1mbitos donde se desarrollan las funciones del Gobernador y vicegobernador, conocer espacios cotidianos de la vida institucional de dif\u00edcil acceso a la comunidad.<\/p>\n<h3><span style=\"color: #999999;\">C. SALA EXTENCI\u00d3N MULTIMEDIAL<\/span><\/h3>\n<p>Creado especialmente para difundir propuestas divulgativas y culturales como presentaciones oficiales, talleres, charlas, encuentros, juegos, proyecciones audiovisuales vinculados a la identidad entrerriana y al funcionamiento del estado.<\/p>\n<h3><span style=\"color: #999999;\">D. SALA DEL PODER LEGISLATIVO<\/span><\/h3>\n<p>La Casa de Gobierno de Entre R\u00edos es una de las \u00fanicas en nuestro pa\u00eds cuya estructura fue planeada para incluir tanto al Poder Ejecutivo como al Legislativo. Esta sala refleja la convivencia de los dos poderes, y propone un viaje en el tiempo a trav\u00e9s de los objetos que testimonian historias de la Legislatura provincial.<\/p>\n<h3><span style=\"color: #999999;\">E. SALA DE LOS TRABAJADORES DEL ESTADO<\/span><\/h3>\n<p>Herramientas de trabajo y fotograf\u00edas de distintas \u00e9pocas que invitan a conocer e imaginar c\u00f3mo han sido las diferentes tareas de los trabajadores estatales. En esta sala se refleja al trabajador en su \u00e1mbito.<\/p>\n<p>PASILLO: cada una de las salas del museo est\u00e1 conectada por un pasillo en el que se expone una muestra sobre vexilolog\u00eda entrerriana: las banderas de las ciudades cabeceras departamentales, acompa\u00f1adas por el escudo de cada localidad<\/p>\n<p>[\/et_pb_text][\/et_pb_column][\/et_pb_row][et_pb_row column_structure=&#8221;1_4,1_4,1_4,1_4&#8243; use_custom_gutter=&#8221;on&#8221; gutter_width=&#8221;4&#8243; _builder_version=&#8221;4.21.2&#8243; _module_preset=&#8221;default&#8221; background_color=&#8221;RGBA(255,255,255,0)&#8221; width=&#8221;100%&#8221; max_width=&#8221;100%&#8221; module_alignment=&#8221;center&#8221; min_height=&#8221;134.3px&#8221; custom_margin=&#8221;15px|0px|0px|8px|false|false&#8221; custom_padding=&#8221;15px|69px|15px|32px|false|false&#8221; border_color_all=&#8221;#7CDA24&#8243; border_width_top=&#8221;10px&#8221; border_color_top=&#8221;#64b44b&#8221; global_module=&#8221;4620&#8243; saved_tabs=&#8221;all&#8221; global_colors_info=&#8221;{}&#8221;][et_pb_column type=&#8221;1_4&#8243; _builder_version=&#8221;4.17.4&#8243; _module_preset=&#8221;default&#8221; global_colors_info=&#8221;{}&#8221;][et_pb_text _builder_version=&#8221;4.21.2&#8243; _module_preset=&#8221;default&#8221; width=&#8221;113%&#8221; module_alignment=&#8221;right&#8221; global_colors_info=&#8221;{}&#8221;]<\/p>\n<p>Secretar\u00eda de Cultura de Entre R\u00edos<br \/>Calle Gardel 42 (3100)<br \/>+54 (343) 4207828<br \/>secretariadeculturaentrerios@gmail.com<br \/>Paran\u00e1 &#8211; Entre R\u00edos &#8211; Argentina<\/p>\n<p>[\/et_pb_text][\/et_pb_column][et_pb_column type=&#8221;1_4&#8243; _builder_version=&#8221;4.16&#8243; _module_preset=&#8221;default&#8221; global_colors_info=&#8221;{}&#8221;][et_pb_image src=&#8221;https:\/\/www.entrerios.gov.ar\/cultura\/wp-content\/uploads\/2021\/08\/LOGOS_P_WEB-02.png&#8221; title_text=&#8221;LOGOS_P_WEB-02&#8243; url=&#8221;https:\/\/www.entrerios.gov.ar\/cultura\/&#8221; _builder_version=&#8221;4.21.2&#8243; _module_preset=&#8221;default&#8221; width=&#8221;91.8%&#8221; custom_margin=&#8221;0px|-10px||20px|false|false&#8221; custom_padding=&#8221;|76px||||&#8221; global_colors_info=&#8221;{}&#8221;][\/et_pb_image][\/et_pb_column][et_pb_column type=&#8221;1_4&#8243; _builder_version=&#8221;4.16&#8243; _module_preset=&#8221;default&#8221; global_colors_info=&#8221;{}&#8221;][et_pb_image src=&#8221;https:\/\/www.entrerios.gov.ar\/cultura\/wp-content\/uploads\/2021\/08\/LOGOS_P_WEB-03.png&#8221; title_text=&#8221;LOGOS_P_WEB-03&#8243; url=&#8221;https:\/\/portal.entrerios.gov.ar\/gobiernoytrabajo\/inicio&#8221; url_new_window=&#8221;on&#8221; _builder_version=&#8221;4.21.2&#8243; _module_preset=&#8221;default&#8221; width=&#8221;91.8%&#8221; custom_margin=&#8221;0px|-10px||20px|false|false&#8221; custom_padding=&#8221;|76px||||&#8221; global_colors_info=&#8221;{}&#8221;][\/et_pb_image][\/et_pb_column][et_pb_column type=&#8221;1_4&#8243; _builder_version=&#8221;4.16&#8243; _module_preset=&#8221;default&#8221; global_colors_info=&#8221;{}&#8221;][et_pb_image src=&#8221;https:\/\/www.entrerios.gov.ar\/cultura\/wp-content\/uploads\/2021\/08\/LOGOS_P_WEB-01.png&#8221; title_text=&#8221;LOGOS_P_WEB-01&#8243; url=&#8221;https:\/\/portal.entrerios.gov.ar\/inicio&#8221; url_new_window=&#8221;on&#8221; _builder_version=&#8221;4.21.2&#8243; _module_preset=&#8221;default&#8221; width=&#8221;91.8%&#8221; custom_margin=&#8221;0px|-10px||20px|false|false&#8221; custom_padding=&#8221;|76px||||&#8221; global_colors_info=&#8221;{}&#8221;][\/et_pb_image][\/et_pb_column][\/et_pb_row][\/et_pb_section]<\/p>\n","protected":false},"excerpt":{"rendered":"<p>&nbsp; SALAS MUSEO DE CASA DE GOBIERNO&nbsp; &nbsp; Museo de Casa de Gobierno de Entre R\u00edos El Museo Casa de Gobierno de Entre R\u00edos fue inaugurado el 8 de julio de 2016, con el prop\u00f3sito de poner en valor y rescatar la historia y la arquitectura de un edificio emblem\u00e1tico, a trav\u00e9s de objetos, documentaci\u00f3n [&hellip;]<\/p>\n","protected":false},"author":1,"featured_media":0,"parent":581,"menu_order":0,"comment_status":"closed","ping_status":"closed","template":"page-template-blank.php","meta":{"_et_pb_use_builder":"on","_et_pb_old_content":"","_et_gb_content_width":"","footnotes":""},"class_list":["post-13581","page","type-page","status-publish","hentry"],"_links":{"self":[{"href":"https:\/\/www.entrerios.gov.ar\/cultura\/wp-json\/wp\/v2\/pages\/13581","targetHints":{"allow":["GET"]}}],"collection":[{"href":"https:\/\/www.entrerios.gov.ar\/cultura\/wp-json\/wp\/v2\/pages"}],"about":[{"href":"https:\/\/www.entrerios.gov.ar\/cultura\/wp-json\/wp\/v2\/types\/page"}],"author":[{"embeddable":true,"href":"https:\/\/www.entrerios.gov.ar\/cultura\/wp-json\/wp\/v2\/users\/1"}],"replies":[{"embeddable":true,"href":"https:\/\/www.entrerios.gov.ar\/cultura\/wp-json\/wp\/v2\/comments?post=13581"}],"version-history":[{"count":8,"href":"https:\/\/www.entrerios.gov.ar\/cultura\/wp-json\/wp\/v2\/pages\/13581\/revisions"}],"predecessor-version":[{"id":14693,"href":"https:\/\/www.entrerios.gov.ar\/cultura\/wp-json\/wp\/v2\/pages\/13581\/revisions\/14693"}],"up":[{"embeddable":true,"href":"https:\/\/www.entrerios.gov.ar\/cultura\/wp-json\/wp\/v2\/pages\/581"}],"wp:attachment":[{"href":"https:\/\/www.entrerios.gov.ar\/cultura\/wp-json\/wp\/v2\/media?parent=13581"}],"curies":[{"name":"wp","href":"https:\/\/api.w.org\/{rel}","templated":true}]}}

<p>[et_pb_section fb_built=&#8221;1&#8243; _builder_version=&#8221;4.21.2&#8243; _module_preset=&#8221;default&#8221; custom_margin=&#8221;0px|0px|0px|0px|false|false&#8221; custom_padding=&#8221;0px|0px|0px|0px|false|false&#8221; hover_enabled=&#8221;0&#8243; global_colors_info=&#8221;{}&#8221; sticky_enabled=&#8221;0&#8243;][et_pb_row column_structure=&#8221;1_2,1_2&#8243; _builder_version=&#8221;4.16&#8243; _module_preset=&#8221;default&#8221; width=&#8221;95%&#8221; max_width=&#8221;95%&#8221; hover_enabled=&#8221;0&#8243; global_colors_info=&#8221;{}&#8221; sticky_enabled=&#8221;0&#8243;][et_pb_column type=&#8221;1_2&#8243; _builder_version=&#8221;4.16&#8243; _module_preset=&#8221;default&#8221; global_colors_info=&#8221;{}&#8221;][et_pb_text _builder_version=&#8221;4.21.2&#8243; _module_preset=&#8221;default&#8221; text_text_color=&#8221;#7CDA24&#8243; header_text_color=&#8221;#8e8e8e&#8221; custom_padding=&#8221;||0px|||&#8221; global_colors_info=&#8221;{}&#8221;]</p>
<p>&nbsp;</p>
<h1><b>SALAS MUSEO DE CASA DE GOBIERNO</b></h1>
<p>[/et_pb_text][et_pb_image src=&#8221;https://www.entrerios.gov.ar/cultura/wp-content/uploads/2021/08/54490640169_484943ab54_o.jpg&#8221; title_text=&#8221;54490640169_484943ab54_o&#8221; force_fullwidth=&#8221;on&#8221; _builder_version=&#8221;4.21.2&#8243; _module_preset=&#8221;default&#8221; custom_margin=&#8221;0px||0px||false|false&#8221; global_colors_info=&#8221;{}&#8221;][/et_pb_image][et_pb_image src=&#8221;https://www.entrerios.gov.ar/cultura/wp-content/uploads/2021/08/54490721623_72f45978dc_o.jpg&#8221; title_text=&#8221;54490721623_72f45978dc_o&#8221; force_fullwidth=&#8221;on&#8221; _builder_version=&#8221;4.21.2&#8243; _module_preset=&#8221;default&#8221; custom_margin=&#8221;0px||0px||false|false&#8221; global_colors_info=&#8221;{}&#8221;][/et_pb_image][et_pb_image src=&#8221;https://www.entrerios.gov.ar/cultura/wp-content/uploads/2021/08/54490721693_42a7921882_o.jpg&#8221; title_text=&#8221;54490721693_42a7921882_o&#8221; force_fullwidth=&#8221;on&#8221; _builder_version=&#8221;4.21.2&#8243; _module_preset=&#8221;default&#8221; custom_margin=&#8221;0px||0px||false|false&#8221; global_colors_info=&#8221;{}&#8221;][/et_pb_image][/et_pb_column][et_pb_column type=&#8221;1_2&#8243; _builder_version=&#8221;4.16&#8243; _module_preset=&#8221;default&#8221; global_colors_info=&#8221;{}&#8221;][et_pb_text _builder_version=&#8221;4.21.2&#8243; _module_preset=&#8221;default&#8221; text_font_size=&#8221;15px&#8221; text_line_height=&#8221;1.3em&#8221; custom_padding=&#8221;||0px|||&#8221; global_colors_info=&#8221;{}&#8221;]</p>
<p>&nbsp;</p>
<p>&nbsp;</p>
<p><strong><u></u></strong></p>
<p><strong><u></u></strong></p>
<p><strong><u></u></strong></p>
<p><strong></strong></p>
<p><strong><u></u></strong></p>
<h3><span style="color: #808080;">Museo de Casa de Gobierno de Entre Ríos</span></h3>
<p>El Museo Casa de Gobierno de Entre Ríos fue inaugurado el 8 de julio de 2016, con el propósito de poner en valor y rescatar la historia y la arquitectura de un edificio emblemático, a través de objetos, documentación y relatos de la vida institucional.</p>
<p>El museo, ubicado en calle México esquina Córdoba de la ciudad de Paraná, cuenta con un total de cinco salas temáticas:</p>
<h3><span style="color: #999999;">A. SALA DEL ORIGEN</span></h3>
<p>Se exhiben cuatro paneles relacionados a la historia de la provincia, la arquitectura del edificio de Casa de Gobierno, el reloj y las campanas. El Decreto de Fundación de Entre Ríos, una maqueta del Palacio de Gobierno, la maquinaria interna del reloj, son algunos de los elementos que representan la sala.</p>
<h3><span style="color: #999999;">B. SALA DEL PODER EJECUTIVO</span></h3>
<p>Esta sala pone de manifiesto, a través de distintos símbolos, los atributos y deberes del Poder Ejecutivo. Permite también, a través de la reproducción de ámbitos donde se desarrollan las funciones del Gobernador y vicegobernador, conocer espacios cotidianos de la vida institucional de difícil acceso a la comunidad.</p>
<h3><span style="color: #999999;">C. SALA EXTENCIÓN MULTIMEDIAL</span></h3>
<p>Creado especialmente para difundir propuestas divulgativas y culturales como presentaciones oficiales, talleres, charlas, encuentros, juegos, proyecciones audiovisuales vinculados a la identidad entrerriana y al funcionamiento del estado.</p>
<h3><span style="color: #999999;">D. SALA DEL PODER LEGISLATIVO</span></h3>
<p>La Casa de Gobierno de Entre Ríos es una de las únicas en nuestro país cuya estructura fue planeada para incluir tanto al Poder Ejecutivo como al Legislativo. Esta sala refleja la convivencia de los dos poderes, y propone un viaje en el tiempo a través de los objetos que testimonian historias de la Legislatura provincial.</p>
<h3><span style="color: #999999;">E. SALA DE LOS TRABAJADORES DEL ESTADO</span></h3>
<p>Herramientas de trabajo y fotografías de distintas épocas que invitan a conocer e imaginar cómo han sido las diferentes tareas de los trabajadores estatales. En esta sala se refleja al trabajador en su ámbito.</p>
<p>PASILLO: cada una de las salas del museo está conectada por un pasillo en el que se expone una muestra sobre vexilología entrerriana: las banderas de las ciudades cabeceras departamentales, acompañadas por el escudo de cada localidad</p>
<p>[/et_pb_text][/et_pb_column][/et_pb_row][et_pb_row column_structure=&#8221;1_4,1_4,1_4,1_4&#8243; use_custom_gutter=&#8221;on&#8221; gutter_width=&#8221;4&#8243; _builder_version=&#8221;4.21.2&#8243; _module_preset=&#8221;default&#8221; background_color=&#8221;RGBA(255,255,255,0)&#8221; width=&#8221;100%&#8221; max_width=&#8221;100%&#8221; module_alignment=&#8221;center&#8221; min_height=&#8221;134.3px&#8221; custom_margin=&#8221;15px|0px|0px|8px|false|false&#8221; custom_padding=&#8221;15px|69px|15px|32px|false|false&#8221; border_color_all=&#8221;#7CDA24&#8243; border_width_top=&#8221;10px&#8221; border_color_top=&#8221;#64b44b&#8221; global_module=&#8221;4620&#8243; saved_tabs=&#8221;all&#8221; global_colors_info=&#8221;{}&#8221;][et_pb_column type=&#8221;1_4&#8243; _builder_version=&#8221;4.17.4&#8243; _module_preset=&#8221;default&#8221; global_colors_info=&#8221;{}&#8221;][et_pb_text _builder_version=&#8221;4.21.2&#8243; _module_preset=&#8221;default&#8221; width=&#8221;113%&#8221; module_alignment=&#8221;right&#8221; global_colors_info=&#8221;{}&#8221;]</p>
<p>Secretaría de Cultura de Entre Ríos<br />Calle Gardel 42 (3100)<br />+54 (343) 4207828<br />secretariadeculturaentrerios@gmail.com<br />Paraná &#8211; Entre Ríos &#8211; Argentina</p>
<p>[/et_pb_text][/et_pb_column][et_pb_column type=&#8221;1_4&#8243; _builder_version=&#8221;4.16&#8243; _module_preset=&#8221;default&#8221; global_colors_info=&#8221;{}&#8221;][et_pb_image src=&#8221;https://www.entrerios.gov.ar/cultura/wp-content/uploads/2021/08/LOGOS_P_WEB-02.png&#8221; title_text=&#8221;LOGOS_P_WEB-02&#8243; url=&#8221;https://www.entrerios.gov.ar/cultura/&#8221; _builder_version=&#8221;4.21.2&#8243; _module_preset=&#8221;default&#8221; width=&#8221;91.8%&#8221; custom_margin=&#8221;0px|-10px||20px|false|false&#8221; custom_padding=&#8221;|76px||||&#8221; global_colors_info=&#8221;{}&#8221;][/et_pb_image][/et_pb_column][et_pb_column type=&#8221;1_4&#8243; _builder_version=&#8221;4.16&#8243; _module_preset=&#8221;default&#8221; global_colors_info=&#8221;{}&#8221;][et_pb_image src=&#8221;https://www.entrerios.gov.ar/cultura/wp-content/uploads/2021/08/LOGOS_P_WEB-03.png&#8221; title_text=&#8221;LOGOS_P_WEB-03&#8243; url=&#8221;https://portal.entrerios.gov.ar/gobiernoytrabajo/inicio&#8221; url_new_window=&#8221;on&#8221; _builder_version=&#8221;4.21.2&#8243; _module_preset=&#8221;default&#8221; width=&#8221;91.8%&#8221; custom_margin=&#8221;0px|-10px||20px|false|false&#8221; custom_padding=&#8221;|76px||||&#8221; global_colors_info=&#8221;{}&#8221;][/et_pb_image][/et_pb_column][et_pb_column type=&#8221;1_4&#8243; _builder_version=&#8221;4.16&#8243; _module_preset=&#8221;default&#8221; global_colors_info=&#8221;{}&#8221;][et_pb_image src=&#8221;https://www.entrerios.gov.ar/cultura/wp-content/uploads/2021/08/LOGOS_P_WEB-01.png&#8221; title_text=&#8221;LOGOS_P_WEB-01&#8243; url=&#8221;https://portal.entrerios.gov.ar/inicio&#8221; url_new_window=&#8221;on&#8221; _builder_version=&#8221;4.21.2&#8243; _module_preset=&#8221;default&#8221; width=&#8221;91.8%&#8221; custom_margin=&#8221;0px|-10px||20px|false|false&#8221; custom_padding=&#8221;|76px||||&#8221; global_colors_info=&#8221;{}&#8221;][/et_pb_image][/et_pb_column][/et_pb_row][/et_pb_section]</p>

<p>&nbsp; SALAS MUSEO DE CASA DE GOBIERNO&nbsp; &nbsp; Museo de Casa de Gobierno de Entre Ríos El Museo Casa de Gobierno de Entre Ríos fue inaugurado el 8 de julio de 2016, con el propósito de poner en valor y rescatar la historia y la arquitectura de un edificio emblemático, a través de objetos, documentación [&hellip;]</p>
