{"id":2094,"date":"2021-06-10T22:07:58","date_gmt":"2021-06-10T22:07:58","guid":{"rendered":"https:\/\/www.entrerios.gov.ar\/cultura\/?page_id=2094"},"modified":"2025-05-09T20:41:53","modified_gmt":"2025-05-09T20:41:53","slug":"2094-2","status":"publish","type":"page","link":"https:\/\/www.entrerios.gov.ar\/cultura\/2094-2\/","title":{"rendered":"mas info evita"},"content":{"rendered":"<p>[et_pb_section fb_built=&#8221;1&#8243; _builder_version=&#8221;4.16&#8243; _module_preset=&#8221;default&#8221; custom_margin=&#8221;0px|0px|0px|0px|false|false&#8221; custom_padding=&#8221;0px|0px|0px|0px|false|false&#8221; global_colors_info=&#8221;{}&#8221;][et_pb_row column_structure=&#8221;1_2,1_2&#8243; _builder_version=&#8221;4.16&#8243; _module_preset=&#8221;default&#8221; width=&#8221;95%&#8221; max_width=&#8221;95%&#8221; global_colors_info=&#8221;{}&#8221;][et_pb_column type=&#8221;1_2&#8243; _builder_version=&#8221;4.16&#8243; _module_preset=&#8221;default&#8221; global_colors_info=&#8221;{}&#8221;][et_pb_text _builder_version=&#8221;4.16&#8243; _module_preset=&#8221;default&#8221; global_colors_info=&#8221;{}&#8221;]<\/p>\n<h1><span style=\"color: #993300;\"><b>Museo Hogar Escuela Eva Per\u00f3n<\/b><\/span><\/h1>\n<p>[\/et_pb_text][et_pb_image src=&#8221;https:\/\/www.entrerios.gov.ar\/cultura\/wp-content\/uploads\/2021\/06\/1623063015jpg-scaled.jpg&#8221; title_text=&#8221;1623063015jpg&#8221; _builder_version=&#8221;4.16&#8243; _module_preset=&#8221;default&#8221; global_colors_info=&#8221;{}&#8221;][\/et_pb_image][\/et_pb_column][et_pb_column type=&#8221;1_2&#8243; _builder_version=&#8221;4.16&#8243; _module_preset=&#8221;default&#8221; global_colors_info=&#8221;{}&#8221;][et_pb_text _builder_version=&#8221;4.21.2&#8243; _module_preset=&#8221;default&#8221; custom_padding=&#8221;||0px|||&#8221; hover_enabled=&#8221;0&#8243; global_colors_info=&#8221;{}&#8221; sticky_enabled=&#8221;0&#8243;]<\/p>\n<p>&nbsp;<\/p>\n<p><span style=\"font-weight: 400;\"><\/span><\/p>\n<p><span style=\"font-weight: 400;\"><\/span><\/p>\n<p><span style=\"font-weight: 400;\"><\/span><\/p>\n<p><span style=\"font-weight: 400;\">Se encuentra en el coraz\u00f3n del Complejo Escuela Hogar Eva Per\u00f3n, el espacio f\u00edsico elegido es un chalet de estilo californiano t\u00edpico de la arquitectura peronista de los \u00b450 que seg\u00fan se infiere de los planos hallados estaba destinado como vivienda de la directora de la Escuela y fue restaurado, salvando el piso, aberturas, paredes y tejas originales. El entorno natural que lo rodea fue parquizado con la idea de generar un sitio atractivo, acogedor y de interacci\u00f3n l\u00fadica con la comunidad, en particular ni\u00f1os y j\u00f3venes que provienen de diferentes lugares de nuestra provincia a visitar el sitio.\u00a0<\/span><\/p>\n<p><span style=\"font-weight: 400;\">El objetivo de favorecer la comunicaci\u00f3n y el di\u00e1logo entre el p\u00fablico que asiste y el patrimonio, est\u00e1 planteado en sus salas: Bienvenida, Salud, Educaci\u00f3n, Bienestar, Hogar y Cultura. Su denominaci\u00f3n refleja las prioridades que marcaron el accionar de la Fundaci\u00f3n y en ellas se exponen con el soporte de sus antecedente<\/span><i><span style=\"font-weight: 400;\">s y referencias conceptuales sobre su significado, los objetos relacionados con cada tem\u00e1tica.<\/span><\/i><\/p>\n<p><span style=\"font-weight: 400;\">El Museo se erige en un inmueble que funcion\u00f3 como casa habitaci\u00f3n de la Directora de la Escuela Hogar. La Fundaci\u00f3n de Ayuda Social Mar\u00eda Eva Duarte de Per\u00f3n pone en marcha el proyecto del Complejo Hogar Escuela de Paran\u00e1 a fines de la d\u00e9cada del 40 con el objetivo de proteger y educar a la infancia de comunidades vulnerables<\/span><\/p>\n<p><span style=\"font-weight: 400;\">El 2 de marzo de 1950 en una de las visitas que realiza Eva Per\u00f3n a la ciudad, hace un recorrido de las obras ya comenzadas, hito que qued\u00f3 reflejado en la prensa. El Gobierno de facto de 1955 no permiti\u00f3 la inauguraci\u00f3n del complejo hasta 1960, a pesar de que el edificio se termin\u00f3 de construir y equipar en 1954.<\/span><\/p>\n<p><span style=\"font-weight: 400;\">Hoy declarado Patrimonio Hist\u00f3rico Nacional, el complejo mantiene su m\u00edstica inicial brindando educaci\u00f3n a miles de estudiantes de diferentes niveles que concurren desde distintos barrios y parajes cercanos a la ciudad de Paran\u00e1.<\/span><\/p>\n<p><span style=\"font-weight: 400;\">Emplazado sobre un predio de 12 hect\u00e1reas -tres de ellas construidas- el edificio fue pensado bajo la corriente arquitect\u00f3nica pintoresquista o californiana, y fue finalizado en 1954.<\/span><\/p>\n<p><span style=\"font-weight: 400;\">Cap\u00edtulo 3: Somos Memoria<\/span><\/p>\n<p><iframe loading=\"lazy\" title=\"CAPITULO 3 - Somos Memoria by Cultura Entre R\u00edos\" width=\"1080\" height=\"400\" scrolling=\"no\" frameborder=\"no\" src=\"https:\/\/w.soundcloud.com\/player\/?visual=true&#038;url=https%3A%2F%2Fapi.soundcloud.com%2Ftracks%2F1494640987&#038;show_artwork=true&#038;maxheight=1000&#038;maxwidth=1080\"><\/iframe><\/p>\n<p>[\/et_pb_text][\/et_pb_column][\/et_pb_row][et_pb_row column_structure=&#8221;1_4,1_4,1_4,1_4&#8243; use_custom_gutter=&#8221;on&#8221; gutter_width=&#8221;4&#8243; _builder_version=&#8221;4.19.4&#8243; _module_preset=&#8221;default&#8221; width=&#8221;100%&#8221; max_width=&#8221;100%&#8221; module_alignment=&#8221;center&#8221; min_height=&#8221;148.3px&#8221; custom_margin=&#8221;15px|0px|0px|8px|false|false&#8221; custom_padding=&#8221;15px|0px|15px|32px|false|false&#8221; border_color_all=&#8221;#0C71C3&#8243; border_width_top=&#8221;10px&#8221; border_color_top=&#8221;#0fafff&#8221; global_module=&#8221;4620&#8243; saved_tabs=&#8221;all&#8221; global_colors_info=&#8221;{}&#8221;][et_pb_column type=&#8221;1_4&#8243; _builder_version=&#8221;4.17.4&#8243; _module_preset=&#8221;default&#8221; global_colors_info=&#8221;{}&#8221;][et_pb_text _builder_version=&#8221;4.21.2&#8243; _module_preset=&#8221;default&#8221; width=&#8221;113%&#8221; module_alignment=&#8221;right&#8221; global_colors_info=&#8221;{}&#8221;]<\/p>\n<p>Secretar\u00eda de Cultura de Entre R\u00edos<br \/>Calle Gardel 42 (3100)<br \/>+54 (343) 4207828<br \/>secretariadeculturaentrerios@gmail.com<br \/>Paran\u00e1 &#8211; Entre R\u00edos &#8211; Argentina<\/p>\n<p>[\/et_pb_text][\/et_pb_column][et_pb_column type=&#8221;1_4&#8243; _builder_version=&#8221;4.16&#8243; _module_preset=&#8221;default&#8221; global_colors_info=&#8221;{}&#8221;][et_pb_social_media_follow icon_color=&#8221;#FFFFFF&#8221; use_icon_font_size=&#8221;on&#8221; icon_font_size=&#8221;20px&#8221; _builder_version=&#8221;4.21.2&#8243; _module_preset=&#8221;default&#8221; background_color=&#8221;RGBA(0,0,0,0)&#8221; text_orientation=&#8221;left&#8221; width=&#8221;350%&#8221; max_width=&#8221;350%&#8221; custom_margin=&#8221;6px||0px|0px|false|false&#8221; custom_padding=&#8221;1px||0px||false|false&#8221; global_colors_info=&#8221;{}&#8221;][et_pb_social_media_follow_network social_network=&#8221;facebook&#8221; url=&#8221;https:\/\/www.facebook.com\/profile.php?id=100091571490160&#8243; icon_color=&#8221;#000000&#8243; use_icon_font_size=&#8221;on&#8221; icon_font_size=&#8221;30px&#8221; _builder_version=&#8221;4.21.2&#8243; _module_preset=&#8221;default&#8221; background_color=&#8221;RGBA(0,0,0,0)&#8221; background_enable_color=&#8221;on&#8221; custom_button=&#8221;on&#8221; custom_margin=&#8221;0px|||0px|false|false&#8221; custom_padding=&#8221;0px|||0px|false|false&#8221; global_colors_info=&#8221;{}&#8221; follow_button=&#8221;off&#8221; url_new_window=&#8221;on&#8221;]facebook[\/et_pb_social_media_follow_network][et_pb_social_media_follow_network social_network=&#8221;instagram&#8221; url=&#8221;https:\/\/www.instagram.com\/con_tier\/?igshid=MmU2YjMzNjRlOQ%3D%3D&#8221; icon_color=&#8221;#000000&#8243; use_icon_font_size=&#8221;on&#8221; icon_font_size=&#8221;30px&#8221; _builder_version=&#8221;4.21.2&#8243; _module_preset=&#8221;default&#8221; background_color=&#8221;RGBA(0,0,0,0)&#8221; background_enable_color=&#8221;on&#8221; global_colors_info=&#8221;{}&#8221; follow_button=&#8221;off&#8221; url_new_window=&#8221;on&#8221;]instagram[\/et_pb_social_media_follow_network][et_pb_social_media_follow_network social_network=&#8221;youtube&#8221; url=&#8221;https:\/\/www.youtube.com\/user\/ComyCulturaER&#8221; icon_color=&#8221;#000000&#8243; use_icon_font_size=&#8221;on&#8221; icon_font_size=&#8221;30px&#8221; _builder_version=&#8221;4.19.4&#8243; _module_preset=&#8221;default&#8221; background_color=&#8221;RGBA(255,255,255,0)&#8221; background_enable_color=&#8221;on&#8221; global_colors_info=&#8221;{}&#8221; follow_button=&#8221;off&#8221; url_new_window=&#8221;on&#8221;]youtube[\/et_pb_social_media_follow_network][\/et_pb_social_media_follow][\/et_pb_column][et_pb_column type=&#8221;1_4&#8243; _builder_version=&#8221;4.16&#8243; _module_preset=&#8221;default&#8221; global_colors_info=&#8221;{}&#8221;][et_pb_image src=&#8221;https:\/\/www.entrerios.gov.ar\/cultura\/wp-content\/uploads\/2024\/12\/05.png&#8221; title_text=&#8221;05&#8243; _builder_version=&#8221;4.21.2&#8243; _module_preset=&#8221;default&#8221; custom_margin=&#8221;0px|-10px||20px|false|false&#8221; global_colors_info=&#8221;{}&#8221;][\/et_pb_image][\/et_pb_column][et_pb_column type=&#8221;1_4&#8243; _builder_version=&#8221;4.16&#8243; _module_preset=&#8221;default&#8221; global_colors_info=&#8221;{}&#8221;][et_pb_image src=&#8221;https:\/\/www.entrerios.gov.ar\/cultura\/wp-content\/uploads\/2024\/12\/web_cultura_banner_CultER_y_GobER-1.png&#8221; alt=&#8221;logoCultura nuevo&#8221; title_text=&#8221;web_cultura_banner_CultER_y_GobER (1)&#8221; _builder_version=&#8221;4.21.2&#8243; _module_preset=&#8221;default&#8221; custom_margin=&#8221;15px|32px||5px|false|false&#8221; custom_css_main_element=&#8221;margin-right: 22px;&#8221; global_colors_info=&#8221;{}&#8221;][\/et_pb_image][\/et_pb_column][\/et_pb_row][\/et_pb_section]<\/p>\n","protected":false},"excerpt":{"rendered":"<p>Museo Hogar Escuela Eva Per\u00f3n&nbsp; Se encuentra en el coraz\u00f3n del Complejo Escuela Hogar Eva Per\u00f3n, el espacio f\u00edsico elegido es un chalet de estilo californiano t\u00edpico de la arquitectura peronista de los \u00b450 que seg\u00fan se infiere de los planos hallados estaba destinado como vivienda de la directora de la Escuela y fue restaurado, [&hellip;]<\/p>\n","protected":false},"author":2,"featured_media":0,"parent":0,"menu_order":0,"comment_status":"closed","ping_status":"closed","template":"","meta":{"_et_pb_use_builder":"on","_et_pb_old_content":"","_et_gb_content_width":"","footnotes":""},"class_list":["post-2094","page","type-page","status-publish","hentry"],"_links":{"self":[{"href":"https:\/\/www.entrerios.gov.ar\/cultura\/wp-json\/wp\/v2\/pages\/2094","targetHints":{"allow":["GET"]}}],"collection":[{"href":"https:\/\/www.entrerios.gov.ar\/cultura\/wp-json\/wp\/v2\/pages"}],"about":[{"href":"https:\/\/www.entrerios.gov.ar\/cultura\/wp-json\/wp\/v2\/types\/page"}],"author":[{"embeddable":true,"href":"https:\/\/www.entrerios.gov.ar\/cultura\/wp-json\/wp\/v2\/users\/2"}],"replies":[{"embeddable":true,"href":"https:\/\/www.entrerios.gov.ar\/cultura\/wp-json\/wp\/v2\/comments?post=2094"}],"version-history":[{"count":10,"href":"https:\/\/www.entrerios.gov.ar\/cultura\/wp-json\/wp\/v2\/pages\/2094\/revisions"}],"predecessor-version":[{"id":13493,"href":"https:\/\/www.entrerios.gov.ar\/cultura\/wp-json\/wp\/v2\/pages\/2094\/revisions\/13493"}],"wp:attachment":[{"href":"https:\/\/www.entrerios.gov.ar\/cultura\/wp-json\/wp\/v2\/media?parent=2094"}],"curies":[{"name":"wp","href":"https:\/\/api.w.org\/{rel}","templated":true}]}}

<p>[et_pb_section fb_built=&#8221;1&#8243; _builder_version=&#8221;4.16&#8243; _module_preset=&#8221;default&#8221; custom_margin=&#8221;0px|0px|0px|0px|false|false&#8221; custom_padding=&#8221;0px|0px|0px|0px|false|false&#8221; global_colors_info=&#8221;{}&#8221;][et_pb_row column_structure=&#8221;1_2,1_2&#8243; _builder_version=&#8221;4.16&#8243; _module_preset=&#8221;default&#8221; width=&#8221;95%&#8221; max_width=&#8221;95%&#8221; global_colors_info=&#8221;{}&#8221;][et_pb_column type=&#8221;1_2&#8243; _builder_version=&#8221;4.16&#8243; _module_preset=&#8221;default&#8221; global_colors_info=&#8221;{}&#8221;][et_pb_text _builder_version=&#8221;4.16&#8243; _module_preset=&#8221;default&#8221; global_colors_info=&#8221;{}&#8221;]</p>
<h1><span style="color: #993300;"><b>Museo Hogar Escuela Eva Perón</b></span></h1>
<p>[/et_pb_text][et_pb_image src=&#8221;https://www.entrerios.gov.ar/cultura/wp-content/uploads/2021/06/1623063015jpg-scaled.jpg&#8221; title_text=&#8221;1623063015jpg&#8221; _builder_version=&#8221;4.16&#8243; _module_preset=&#8221;default&#8221; global_colors_info=&#8221;{}&#8221;][/et_pb_image][/et_pb_column][et_pb_column type=&#8221;1_2&#8243; _builder_version=&#8221;4.16&#8243; _module_preset=&#8221;default&#8221; global_colors_info=&#8221;{}&#8221;][et_pb_text _builder_version=&#8221;4.21.2&#8243; _module_preset=&#8221;default&#8221; custom_padding=&#8221;||0px|||&#8221; hover_enabled=&#8221;0&#8243; global_colors_info=&#8221;{}&#8221; sticky_enabled=&#8221;0&#8243;]</p>
<p>&nbsp;</p>
<p><span style="font-weight: 400;"></span></p>
<p><span style="font-weight: 400;"></span></p>
<p><span style="font-weight: 400;"></span></p>
<p><span style="font-weight: 400;">Se encuentra en el corazón del Complejo Escuela Hogar Eva Perón, el espacio físico elegido es un chalet de estilo californiano típico de la arquitectura peronista de los ´50 que según se infiere de los planos hallados estaba destinado como vivienda de la directora de la Escuela y fue restaurado, salvando el piso, aberturas, paredes y tejas originales. El entorno natural que lo rodea fue parquizado con la idea de generar un sitio atractivo, acogedor y de interacción lúdica con la comunidad, en particular niños y jóvenes que provienen de diferentes lugares de nuestra provincia a visitar el sitio. </span></p>
<p><span style="font-weight: 400;">El objetivo de favorecer la comunicación y el diálogo entre el público que asiste y el patrimonio, está planteado en sus salas: Bienvenida, Salud, Educación, Bienestar, Hogar y Cultura. Su denominación refleja las prioridades que marcaron el accionar de la Fundación y en ellas se exponen con el soporte de sus antecedente</span><i><span style="font-weight: 400;">s y referencias conceptuales sobre su significado, los objetos relacionados con cada temática.</span></i></p>
<p><span style="font-weight: 400;">El Museo se erige en un inmueble que funcionó como casa habitación de la Directora de la Escuela Hogar. La Fundación de Ayuda Social María Eva Duarte de Perón pone en marcha el proyecto del Complejo Hogar Escuela de Paraná a fines de la década del 40 con el objetivo de proteger y educar a la infancia de comunidades vulnerables</span></p>
<p><span style="font-weight: 400;">El 2 de marzo de 1950 en una de las visitas que realiza Eva Perón a la ciudad, hace un recorrido de las obras ya comenzadas, hito que quedó reflejado en la prensa. El Gobierno de facto de 1955 no permitió la inauguración del complejo hasta 1960, a pesar de que el edificio se terminó de construir y equipar en 1954.</span></p>
<p><span style="font-weight: 400;">Hoy declarado Patrimonio Histórico Nacional, el complejo mantiene su mística inicial brindando educación a miles de estudiantes de diferentes niveles que concurren desde distintos barrios y parajes cercanos a la ciudad de Paraná.</span></p>
<p><span style="font-weight: 400;">Emplazado sobre un predio de 12 hectáreas -tres de ellas construidas- el edificio fue pensado bajo la corriente arquitectónica pintoresquista o californiana, y fue finalizado en 1954.</span></p>
<p><span style="font-weight: 400;">Capítulo 3: Somos Memoria</span></p>
<p><iframe loading="lazy" title="CAPITULO 3 - Somos Memoria by Cultura Entre Ríos" width="1080" height="400" scrolling="no" frameborder="no" src="https://w.soundcloud.com/player/?visual=true&#038;url=https%3A%2F%2Fapi.soundcloud.com%2Ftracks%2F1494640987&#038;show_artwork=true&#038;maxheight=1000&#038;maxwidth=1080"></iframe></p>
<p>[/et_pb_text][/et_pb_column][/et_pb_row][et_pb_row column_structure=&#8221;1_4,1_4,1_4,1_4&#8243; use_custom_gutter=&#8221;on&#8221; gutter_width=&#8221;4&#8243; _builder_version=&#8221;4.19.4&#8243; _module_preset=&#8221;default&#8221; width=&#8221;100%&#8221; max_width=&#8221;100%&#8221; module_alignment=&#8221;center&#8221; min_height=&#8221;148.3px&#8221; custom_margin=&#8221;15px|0px|0px|8px|false|false&#8221; custom_padding=&#8221;15px|0px|15px|32px|false|false&#8221; border_color_all=&#8221;#0C71C3&#8243; border_width_top=&#8221;10px&#8221; border_color_top=&#8221;#0fafff&#8221; global_module=&#8221;4620&#8243; saved_tabs=&#8221;all&#8221; global_colors_info=&#8221;{}&#8221;][et_pb_column type=&#8221;1_4&#8243; _builder_version=&#8221;4.17.4&#8243; _module_preset=&#8221;default&#8221; global_colors_info=&#8221;{}&#8221;][et_pb_text _builder_version=&#8221;4.21.2&#8243; _module_preset=&#8221;default&#8221; width=&#8221;113%&#8221; module_alignment=&#8221;right&#8221; global_colors_info=&#8221;{}&#8221;]</p>
<p>Secretaría de Cultura de Entre Ríos<br />Calle Gardel 42 (3100)<br />+54 (343) 4207828<br />secretariadeculturaentrerios@gmail.com<br />Paraná &#8211; Entre Ríos &#8211; Argentina</p>
<p>[/et_pb_text][/et_pb_column][et_pb_column type=&#8221;1_4&#8243; _builder_version=&#8221;4.16&#8243; _module_preset=&#8221;default&#8221; global_colors_info=&#8221;{}&#8221;][et_pb_social_media_follow icon_color=&#8221;#FFFFFF&#8221; use_icon_font_size=&#8221;on&#8221; icon_font_size=&#8221;20px&#8221; _builder_version=&#8221;4.21.2&#8243; _module_preset=&#8221;default&#8221; background_color=&#8221;RGBA(0,0,0,0)&#8221; text_orientation=&#8221;left&#8221; width=&#8221;350%&#8221; max_width=&#8221;350%&#8221; custom_margin=&#8221;6px||0px|0px|false|false&#8221; custom_padding=&#8221;1px||0px||false|false&#8221; global_colors_info=&#8221;{}&#8221;][et_pb_social_media_follow_network social_network=&#8221;facebook&#8221; url=&#8221;https://www.facebook.com/profile.php?id=100091571490160&#8243; icon_color=&#8221;#000000&#8243; use_icon_font_size=&#8221;on&#8221; icon_font_size=&#8221;30px&#8221; _builder_version=&#8221;4.21.2&#8243; _module_preset=&#8221;default&#8221; background_color=&#8221;RGBA(0,0,0,0)&#8221; background_enable_color=&#8221;on&#8221; custom_button=&#8221;on&#8221; custom_margin=&#8221;0px|||0px|false|false&#8221; custom_padding=&#8221;0px|||0px|false|false&#8221; global_colors_info=&#8221;{}&#8221; follow_button=&#8221;off&#8221; url_new_window=&#8221;on&#8221;]facebook[/et_pb_social_media_follow_network][et_pb_social_media_follow_network social_network=&#8221;instagram&#8221; url=&#8221;https://www.instagram.com/con_tier/?igshid=MmU2YjMzNjRlOQ%3D%3D&#8221; icon_color=&#8221;#000000&#8243; use_icon_font_size=&#8221;on&#8221; icon_font_size=&#8221;30px&#8221; _builder_version=&#8221;4.21.2&#8243; _module_preset=&#8221;default&#8221; background_color=&#8221;RGBA(0,0,0,0)&#8221; background_enable_color=&#8221;on&#8221; global_colors_info=&#8221;{}&#8221; follow_button=&#8221;off&#8221; url_new_window=&#8221;on&#8221;]instagram[/et_pb_social_media_follow_network][et_pb_social_media_follow_network social_network=&#8221;youtube&#8221; url=&#8221;https://www.youtube.com/user/ComyCulturaER&#8221; icon_color=&#8221;#000000&#8243; use_icon_font_size=&#8221;on&#8221; icon_font_size=&#8221;30px&#8221; _builder_version=&#8221;4.19.4&#8243; _module_preset=&#8221;default&#8221; background_color=&#8221;RGBA(255,255,255,0)&#8221; background_enable_color=&#8221;on&#8221; global_colors_info=&#8221;{}&#8221; follow_button=&#8221;off&#8221; url_new_window=&#8221;on&#8221;]youtube[/et_pb_social_media_follow_network][/et_pb_social_media_follow][/et_pb_column][et_pb_column type=&#8221;1_4&#8243; _builder_version=&#8221;4.16&#8243; _module_preset=&#8221;default&#8221; global_colors_info=&#8221;{}&#8221;][et_pb_image src=&#8221;https://www.entrerios.gov.ar/cultura/wp-content/uploads/2024/12/05.png&#8221; title_text=&#8221;05&#8243; _builder_version=&#8221;4.21.2&#8243; _module_preset=&#8221;default&#8221; custom_margin=&#8221;0px|-10px||20px|false|false&#8221; global_colors_info=&#8221;{}&#8221;][/et_pb_image][/et_pb_column][et_pb_column type=&#8221;1_4&#8243; _builder_version=&#8221;4.16&#8243; _module_preset=&#8221;default&#8221; global_colors_info=&#8221;{}&#8221;][et_pb_image src=&#8221;https://www.entrerios.gov.ar/cultura/wp-content/uploads/2024/12/web_cultura_banner_CultER_y_GobER-1.png&#8221; alt=&#8221;logoCultura nuevo&#8221; title_text=&#8221;web_cultura_banner_CultER_y_GobER (1)&#8221; _builder_version=&#8221;4.21.2&#8243; _module_preset=&#8221;default&#8221; custom_margin=&#8221;15px|32px||5px|false|false&#8221; custom_css_main_element=&#8221;margin-right: 22px;&#8221; global_colors_info=&#8221;{}&#8221;][/et_pb_image][/et_pb_column][/et_pb_row][/et_pb_section]</p>

<p>Museo Hogar Escuela Eva Perón&nbsp; Se encuentra en el corazón del Complejo Escuela Hogar Eva Perón, el espacio físico elegido es un chalet de estilo californiano típico de la arquitectura peronista de los ´50 que según se infiere de los planos hallados estaba destinado como vivienda de la directora de la Escuela y fue restaurado, [&hellip;]</p>
