{"id":207962,"date":"2019-07-05T16:57:22","date_gmt":"2019-07-05T16:57:22","guid":{"rendered":"https:\/\/www.entrerios.gov.ar\/dgec\/?page_id=207962"},"modified":"2020-07-30T22:58:37","modified_gmt":"2020-07-30T22:58:37","slug":"eahu2019","status":"publish","type":"page","link":"https:\/\/www.entrerios.gov.ar\/dgec\/eahu2019\/","title":{"rendered":"inicio"},"content":{"rendered":"<p>[et_pb_section bb_built=\u00bb1&#8243; admin_label=\u00bbSecci\u00f3n\u00bb custom_padding=\u00bb0px|0px|0px|0px\u00bb fullwidth=\u00bbon\u00bb][et_pb_fullwidth_header admin_label=\u00bbT\u00edtulo de anchura completa\u00bb title=\u00bb01\/08\/20. Comienza la Encuesta Permanente de Hogares &#8211; Resto Urbano Provincial\u00bb background_layout=\u00bblight\u00bb text_orientation=\u00bbleft\u00bb header_fullscreen=\u00bboff\u00bb header_scroll_down=\u00bboff\u00bb parallax=\u00bboff\u00bb parallax_method=\u00bboff\u00bb content_orientation=\u00bbcenter\u00bb image_orientation=\u00bbcenter\u00bb custom_button_one=\u00bboff\u00bb button_one_letter_spacing=\u00bb0&#8243; button_one_use_icon=\u00bbdefault\u00bb button_one_icon_placement=\u00bbright\u00bb button_one_on_hover=\u00bbon\u00bb button_one_letter_spacing_hover=\u00bb0&#8243; custom_button_two=\u00bboff\u00bb button_two_letter_spacing=\u00bb0&#8243; button_two_use_icon=\u00bbdefault\u00bb button_two_icon_placement=\u00bbright\u00bb button_two_on_hover=\u00bbon\u00bb button_two_letter_spacing_hover=\u00bb0&#8243; \/][\/et_pb_section][et_pb_section bb_built=\u00bb1&#8243; admin_label=\u00bbSecci\u00f3n\u00bb custom_padding=\u00bb0px|0px|0px|0px\u00bb specialty=\u00bbon\u00bb][et_pb_column type=\u00bb1_2&#8243; specialty_columns=\u00bb2&#8243;][et_pb_row_inner admin_label=\u00bbFila\u00bb custom_padding=\u00bb32px|0px|29.6719px|0px\u00bb column_padding_mobile=\u00bboff\u00bb][et_pb_column_inner type=\u00bb4_4&#8243; saved_specialty_column_type=\u00bb1_2&#8243;][et_pb_text admin_label=\u00bbTexto\u00bb background_layout=\u00bblight\u00bb text_orientation=\u00bbleft\u00bb use_border_color=\u00bboff\u00bb border_color=\u00bb#ffffff\u00bb border_style=\u00bbsolid\u00bb]<\/p>\n<p style=\"text-align: justify;\">Durante los meses agosto, septiembre y octubre del corriente a\u00f1o se realiza en nuestra provincia la Encuesta Permanente de Hogares &#8211; Resto Urbano (R.U.P). Este operativo permite obtener informaci\u00f3n actualizada sobre una serie de caracter\u00edsticas sociodemogr\u00e1ficas de la poblaci\u00f3n tales como: cantidad de personas que trabajan, condici\u00f3n de actividad, poblaci\u00f3n que est\u00e1 desocupada y busca trabajo, poblaci\u00f3n econ\u00f3micamente inactiva (estudiantes, jubilados, etc.), caracter\u00edsticas de las viviendas que habitan, servicios que tienen, nivel educativo de los miembros del hogar, ingreso, y condici\u00f3n de migraci\u00f3n entre otras.<\/p>\n<p style=\"text-align: justify;\">A partir del mes de Agosto se encuestar\u00e1n hogares seleccionados por t\u00e9cnica de muestreo en \u00e1reas urbanas de Aldea Valle Mar\u00eda, Basavilbaso, Chajar\u00ed, Concepci\u00f3n del Uruguay, Crespo, Federaci\u00f3n, General Ram\u00edrez, Gualeguaych\u00fa y La Paz, Lucas Gonz\u00e1lez, San Jos\u00e9 y Santa Elena.<\/p>\n<p style=\"text-align: justify;\">Debido al contexto de pandemia que presenta la propagaci\u00f3n del virus COVID-19 es primordial proteger la salud y la seguridad del personal del organismo y de la poblaci\u00f3n respondente, es por ello que en esta oportunidad la modalidad adoptada para la realizaci\u00f3n del operativo es la encuesta telef\u00f3nica. Previamente se enviar\u00e1 a los hogares una carta de presentaci\u00f3n para que los encuestadores puedan obtener los contactos.<\/p>\n<p style=\"text-align: justify;\">La identidad de las personas que trabajan en el operativo (encuestadores y supervisores) se pueden consultar en el sitio web oficial del organismo en <a href=\"https:\/\/www.entrerios.gov.ar\/dgec\/encuestadores\/\">https:\/\/www.entrerios.gov.ar\/dgec\/encuestadores\/<\/a> y tambi\u00e9n telef\u00f3nicamente al 0343 4207831.<\/p>\n<p style=\"text-align: justify;\">Los datos que brinden los hogares encuestados son confidenciales y est\u00e1n protegidos por secreto estad\u00edstico (Ley N\u00ba 17622), public\u00e1ndose los resultados globales para el total provincial.<\/p>\n<p>[\/et_pb_text][et_pb_text admin_label=\u00bbTexto\u00bb background_layout=\u00bblight\u00bb text_orientation=\u00bbleft\u00bb use_border_color=\u00bboff\u00bb border_color=\u00bb#ffffff\u00bb border_style=\u00bbsolid\u00bb]<\/p>\n<p style=\"text-align: justify;\"><strong>Solicitamos la colaboraci\u00f3n de los encuestados con los encuestadores y supervisores que realizan el trabajo de campo, para lograr los resultados de calidad esperados.<\/strong><\/p>\n<p>[\/et_pb_text][et_pb_text admin_label=\u00bbTexto\u00bb background_layout=\u00bblight\u00bb text_orientation=\u00bbleft\u00bb use_border_color=\u00bboff\u00bb border_color=\u00bb#ffffff\u00bb border_style=\u00bbsolid\u00bb]<\/p>\n<p style=\"text-align: justify;\">Ver <a href=\"https:\/\/www.entrerios.gov.ar\/dgec\/prensa\/\">Gacetilla de Prensa de inicio de la encuesta<\/a>.<\/p>\n<p style=\"text-align: justify;\">Ver <a href=\"https:\/\/www.entrerios.gov.ar\/dgec\/prensa\/\">Comunicado de Prensa Ampliado.<\/a><\/p>\n<p>[\/et_pb_text][\/et_pb_column_inner][\/et_pb_row_inner][\/et_pb_column][et_pb_column type=\u00bb1_2&#8243;][et_pb_image admin_label=\u00bbImagen\u00bb src=\u00bbhttps:\/\/www.entrerios.gov.ar\/dgec\/wp-content\/uploads\/2019\/07\/eph-rup.jpg\u00bb sticky=\u00bbon\u00bb align=\u00bbcenter\u00bb use_border_color=\u00bbon\u00bb border_width=\u00bb2px\u00bb show_in_lightbox=\u00bboff\u00bb url_new_window=\u00bboff\u00bb use_overlay=\u00bboff\u00bb animation=\u00bbleft\u00bb force_fullwidth=\u00bboff\u00bb always_center_on_mobile=\u00bbon\u00bb border_color=\u00bb#ffffff\u00bb border_style=\u00bbsolid\u00bb \/][\/et_pb_column][\/et_pb_section]<\/p>\n","protected":false},"excerpt":{"rendered":"<p>Durante los meses agosto, septiembre y octubre del corriente a\u00f1o se realiza en nuestra provincia la Encuesta Permanente de Hogares &#8211; Resto Urbano (R.U.P). Este operativo permite obtener informaci\u00f3n actualizada sobre una serie de caracter\u00edsticas sociodemogr\u00e1ficas de la poblaci\u00f3n tales como: cantidad de personas que trabajan, condici\u00f3n de actividad, poblaci\u00f3n que est\u00e1 desocupada y busca [&hellip;]<\/p>\n","protected":false},"author":1,"featured_media":0,"parent":0,"menu_order":0,"comment_status":"closed","ping_status":"closed","template":"","meta":{"_et_pb_use_builder":"on","_et_pb_old_content":"","_et_gb_content_width":"","footnotes":""},"_links":{"self":[{"href":"https:\/\/www.entrerios.gov.ar\/dgec\/wp-json\/wp\/v2\/pages\/207962"}],"collection":[{"href":"https:\/\/www.entrerios.gov.ar\/dgec\/wp-json\/wp\/v2\/pages"}],"about":[{"href":"https:\/\/www.entrerios.gov.ar\/dgec\/wp-json\/wp\/v2\/types\/page"}],"author":[{"embeddable":true,"href":"https:\/\/www.entrerios.gov.ar\/dgec\/wp-json\/wp\/v2\/users\/1"}],"replies":[{"embeddable":true,"href":"https:\/\/www.entrerios.gov.ar\/dgec\/wp-json\/wp\/v2\/comments?post=207962"}],"version-history":[{"count":0,"href":"https:\/\/www.entrerios.gov.ar\/dgec\/wp-json\/wp\/v2\/pages\/207962\/revisions"}],"wp:attachment":[{"href":"https:\/\/www.entrerios.gov.ar\/dgec\/wp-json\/wp\/v2\/media?parent=207962"}],"curies":[{"name":"wp","href":"https:\/\/api.w.org\/{rel}","templated":true}]}}