{"id":215795,"date":"2024-02-29T17:38:46","date_gmt":"2024-02-29T14:38:46","guid":{"rendered":"https:\/\/www.entrerios.gov.ar\/dgec\/?page_id=215795"},"modified":"2025-07-10T21:44:11","modified_gmt":"2025-07-10T18:44:11","slug":"eph-2024","status":"publish","type":"page","link":"https:\/\/www.entrerios.gov.ar\/dgec\/eph-2024\/","title":{"rendered":"eph-2025"},"content":{"rendered":"<p>[et_pb_section fb_built=\u00bb1&#8243; _builder_version=\u00bb4.16&#8243; da_disable_devices=\u00bboff|off|off\u00bb global_colors_info=\u00bb{}\u00bb da_is_popup=\u00bboff\u00bb da_exit_intent=\u00bboff\u00bb da_has_close=\u00bbon\u00bb da_alt_close=\u00bboff\u00bb da_dark_close=\u00bboff\u00bb da_not_modal=\u00bbon\u00bb da_is_singular=\u00bboff\u00bb da_with_loader=\u00bboff\u00bb da_has_shadow=\u00bbon\u00bb][et_pb_row _builder_version=\u00bb4.16&#8243; background_size=\u00bbinitial\u00bb background_position=\u00bbtop_left\u00bb background_repeat=\u00bbrepeat\u00bb global_colors_info=\u00bb{}\u00bb][et_pb_column type=\u00bb4_4&#8243; _builder_version=\u00bb4.16&#8243; custom_padding=\u00bb|||\u00bb global_colors_info=\u00bb{}\u00bb custom_padding__hover=\u00bb|||\u00bb][et_pb_text _builder_version=\u00bb4.27.4&#8243; hover_enabled=\u00bb0&#8243; global_colors_info=\u00bb{}\u00bb sticky_enabled=\u00bb0&#8243; text_font_size=\u00bb14px\u00bb]<\/p>\n<p>&nbsp;<\/p>\n<p><span style=\"font-size: large;\"><strong>ENCUESTA PERMANENTE DE HOGARES (EPH CONTINUA)<br \/>Aglomerados Gran Paran\u00e1 y Concordia<\/strong><\/span><\/p>\n<p>La Direcci\u00f3n General de Estad\u00edstica y Censos de Entre R\u00edos informa que durante todo el a\u00f1o en curso, se desarrollar\u00e1 en nuestra provincia la <strong>Encuesta Permanente de Hogares (EPH-CONTINUA) en los hogares de los Aglomerados Gran Paran\u00e1 y Concordia.<\/strong><\/p>\n<p>[\/et_pb_text][et_pb_text _builder_version=\u00bb4.27.4&#8243; hover_enabled=\u00bb0&#8243; global_colors_info=\u00bb{}\u00bb text_font_size=\u00bb14px\u00bb sticky_enabled=\u00bb0&#8243;]<\/p>\n<p><strong>\u00bfD\u00d3NDE Y C\u00d3MO SE REALIZA ESTA ENCUESTA<\/strong><strong>?<\/strong><\/p>\n<p>El trabajo de campo con las encuestas se desarrolla en las localidades entrerrianas de Concordia y Paran\u00e1. La modalidad adoptada para la realizaci\u00f3n del operativo es la encuesta presencial y telef\u00f3nica.<\/p>\n<p>Previamente se env\u00eda a los hogares una <strong>NOTIFICACI\u00d3N DE ENTREVISTA<\/strong> inform\u00e1ndole que su vivienda a sido seleccionada para ser encuestada como parte de una muestra. Dicha notificaci\u00f3n es <strong>OFICIAL<\/strong> y cuenta con el siguiente formato:<\/p>\n<p>&nbsp;<\/p>\n<p>[\/et_pb_text][et_pb_image src=\u00bbhttps:\/\/www.entrerios.gov.ar\/dgec\/wp-content\/uploads\/2024\/02\/Notificacion_EPH.jpg\u00bb title_text=\u00bbNotificaci\u00f3n_EPH\u00bb align=\u00bbcenter\u00bb align_tablet=\u00bbcenter\u00bb align_phone=\u00bbcenter\u00bb align_last_edited=\u00bbon|desktop\u00bb _builder_version=\u00bb4.27.4&#8243; global_colors_info=\u00bb{}\u00bb][\/et_pb_image][et_pb_image src=\u00bbhttps:\/\/www.entrerios.gov.ar\/dgec\/wp-content\/uploads\/2025\/07\/EPH-SEGURIDAD-Indec.jpg\u00bb title_text=\u00bbEPH SEGURIDAD Indec\u00bb align=\u00bbcenter\u00bb _builder_version=\u00bb4.27.4&#8243; _module_preset=\u00bbdefault\u00bb global_colors_info=\u00bb{}\u00bb][\/et_pb_image][et_pb_text _builder_version=\u00bb4.27.4&#8243; hover_enabled=\u00bb0&#8243; global_colors_info=\u00bb{}\u00bb text_font_size=\u00bb14px\u00bb sticky_enabled=\u00bb0&#8243;]<\/p>\n<p>Las <strong>respuestas<\/strong> que se brindan est\u00e1n<strong> protegidas <\/strong>por riguroso<strong> secreto estad\u00edstico<\/strong> por la Ley Nacional 17.622, y la Ley Provincial 8.910, ambas leyes tambi\u00e9n, establecen su obligatoriedad de responder esta y otras encuestas seg\u00fan corresponda, public\u00e1ndose los resultados globales para el total provincial.<\/p>\n<p style=\"text-align: justify;\"><strong>La identidad de los encuestadores, supervisores y coordinadores<\/strong> que se contacten con los hogares respondentes se puede verificar en el sitio web del organismo: <a href=\"https:\/\/www.entrerios.gov.ar\/dgec\/encuestadores\/\"><strong>https:\/\/www.entrerios.gov.ar\/dgec\/encuestadores\/<\/strong><\/a>, al correo oficial infodec@entrerios.gov.ar, o llamando al <strong>tel\u00e9fono 0343 \u2013 4207831<\/strong> en el horario de 8hs. a 13hs.<\/p>\n<p>&nbsp;<\/p>\n<p><strong>\u00bfQU\u00c9 ES LA<\/strong> <strong>ENCUESTA PERMANENTE DE HOGARES?<\/strong><\/p>\n<p style=\"text-align: justify;\">La Encuesta Permanente de Hogares (EPH) es un programa nacional de producci\u00f3n sistem\u00e1tica y permanente de Indicadores Sociales que permite conocer las caracter\u00edsticas sociodemogr\u00e1ficas y socioecon\u00f3micas de la poblaci\u00f3n. En la actualidad dicha encuesta cubre 31 aglomerados urbanos del pa\u00eds.<\/p>\n<p style=\"text-align: justify;\">La evoluci\u00f3n del empleo en la provincia de Entre R\u00edos se analiza a partir de los resultados trimestrales obtenidos de la Encuesta Permanente de Hogares (EPH) que se realiza en los aglomerados urbanos Gran Paran\u00e1 y Concordia y se ampl\u00eda en todos los terceros trimestres a doce localidades m\u00e1s de la provincia para tener un dato provincial (EPH-RUP).<\/p>\n<p style=\"text-align: justify;\">Para ello se desarroll\u00f3 una metodolog\u00eda tem\u00e1tica, muestral y operativa que articul\u00f3 los mejores avances del conocimiento y la investigaci\u00f3n social, las recomendaciones internacionales y las especificidades del pa\u00eds.<\/p>\n<p style=\"text-align: justify;\">Para dar respuesta al objetivo general, la EPH rescata como tem\u00e1tica caracterizar a la poblaci\u00f3n:<\/p>\n<p style=\"text-align: justify;\">&#8211; desde el punto de vista demogr\u00e1fico.<\/p>\n<p style=\"text-align: justify;\">&#8211; por su participaci\u00f3n en la producci\u00f3n de bienes y servicios.<\/p>\n<p style=\"text-align: justify;\">&#8211; por su participaci\u00f3n en la distribuci\u00f3n del producto social.<\/p>\n<p style=\"text-align: justify;\">De estos tres ejes fundamentales se derivan los grandes temas de la Encuesta: Demogr\u00e1ficas B\u00e1sicas, Ocupacionales, Habitacionales, Educacionales, del Ingreso y Migratorias.<\/p>\n<p style=\"text-align: justify;\">La EPH es una encuesta por muestreo, esto significa que, para conocer las diversas caracter\u00edsticas del total de los hogares, se encuesta una peque\u00f1a fracci\u00f3n representativa de los mismos. La aplicaci\u00f3n de rigurosas t\u00e9cnicas estad\u00edsticas permite garantizar la precisi\u00f3n de los datos as\u00ed obtenidos.<\/p>\n<p style=\"text-align: justify;\">La encuesta se lleva a cabo en todo el pa\u00eds sobre una muestra de aproximadamente 26.000 viviendas por trimestre ubicadas en las capitales de provincia, en la Ciudad Aut\u00f3noma de Buenos Aires y ciudades de m\u00e1s de 100.000 habitantes del pa\u00eds.<\/p>\n<p style=\"text-align: justify;\">En nuestra provincia se realiza en el aglomerado Gran Paran\u00e1, &#8211; que incluye a Oro Verde, Colonia Avellaneda, San Benito y Sauce Montrull- y aglomerado Concordia \u2013Benito Legeren, Villa Adela-<\/p>\n<p style=\"text-align: justify;\">Las viviendas que ser\u00e1n encuestadas son seleccionadas de forma probabil\u00edstica en dos etapas: En la primera se seleccionan en forma aleatoria una cierta cantidad de \u00e1reas dentro de cada aglomerado\/jurisdicci\u00f3n. En la segunda etapa se listan todas las viviendas particulares de las \u00e1reas seleccionadas, para luego a partir de ese listado efectuar una selecci\u00f3n aleatoria de las viviendas de cada \u00e1rea. Los hogares que habitan esas viviendas son los hogares a encuestar.<\/p>\n<p style=\"text-align: justify;\">La muestra se distribuye a lo largo del per\u00edodo respecto del cual se brindar\u00e1 informaci\u00f3n (trimestral) y se repite este proceso para cada uno de los trimestres del a\u00f1o.<\/p>\n<p style=\"text-align: justify;\"><strong>LA IMPORTANCIA DE LA ENCUESTA<\/strong><\/p>\n<p style=\"text-align: justify;\"><strong>Es muy importante la colaboraci\u00f3n de la poblaci\u00f3n<\/strong>, ya que los resultados de este operativo nos permite conocer indicadores en lo que respecta al mercado laboral, cantidad de personas inactivas (estudiantes, jubilados, etc.), situaci\u00f3n de la vivienda y servicios con que cuenta, asistencia a la escuela, nivel educacional, condici\u00f3n de migraci\u00f3n, entre otros.<br \/>Los \u00faltimos resultados publicados del operativo de la EPH &#8211; RUP, pueden consultarse en: <a href=\"https:\/\/www.entrerios.gov.ar\/dgec\/trabajoeingresos\/\" target=\"_blank\" rel=\"noopener\">https:\/\/www.entrerios.gov.ar\/dgec\/trabajoeingresos\/<\/a><\/p>\n<p>&nbsp;<\/p>\n<p>&nbsp;<\/p>\n<p>[\/et_pb_text][\/et_pb_column][\/et_pb_row][\/et_pb_section]<\/p>\n","protected":false},"excerpt":{"rendered":"<p>&nbsp; ENCUESTA PERMANENTE DE HOGARES (EPH CONTINUA)Aglomerados Gran Paran\u00e1 y Concordia La Direcci\u00f3n General de Estad\u00edstica y Censos de Entre R\u00edos informa que durante todo el a\u00f1o en curso, se desarrollar\u00e1 en nuestra provincia la Encuesta Permanente de Hogares (EPH-CONTINUA) en los hogares de los Aglomerados Gran Paran\u00e1 y Concordia.\u00bfD\u00d3NDE Y C\u00d3MO SE REALIZA ESTA [&hellip;]<\/p>\n","protected":false},"author":1,"featured_media":0,"parent":0,"menu_order":0,"comment_status":"closed","ping_status":"closed","template":"","meta":{"_et_pb_use_builder":"on","_et_pb_old_content":"","_et_gb_content_width":"","footnotes":""},"_links":{"self":[{"href":"https:\/\/www.entrerios.gov.ar\/dgec\/wp-json\/wp\/v2\/pages\/215795"}],"collection":[{"href":"https:\/\/www.entrerios.gov.ar\/dgec\/wp-json\/wp\/v2\/pages"}],"about":[{"href":"https:\/\/www.entrerios.gov.ar\/dgec\/wp-json\/wp\/v2\/types\/page"}],"author":[{"embeddable":true,"href":"https:\/\/www.entrerios.gov.ar\/dgec\/wp-json\/wp\/v2\/users\/1"}],"replies":[{"embeddable":true,"href":"https:\/\/www.entrerios.gov.ar\/dgec\/wp-json\/wp\/v2\/comments?post=215795"}],"version-history":[{"count":20,"href":"https:\/\/www.entrerios.gov.ar\/dgec\/wp-json\/wp\/v2\/pages\/215795\/revisions"}],"predecessor-version":[{"id":221373,"href":"https:\/\/www.entrerios.gov.ar\/dgec\/wp-json\/wp\/v2\/pages\/215795\/revisions\/221373"}],"wp:attachment":[{"href":"https:\/\/www.entrerios.gov.ar\/dgec\/wp-json\/wp\/v2\/media?parent=215795"}],"curies":[{"name":"wp","href":"https:\/\/api.w.org\/{rel}","templated":true}]}}