{"id":216387,"date":"2024-04-26T14:41:15","date_gmt":"2024-04-26T11:41:15","guid":{"rendered":"https:\/\/www.entrerios.gov.ar\/dgec\/?page_id=216387"},"modified":"2024-05-15T15:58:56","modified_gmt":"2024-05-15T12:58:56","slug":"informes-tecnicos","status":"publish","type":"page","link":"https:\/\/www.entrerios.gov.ar\/dgec\/informes-tecnicos\/","title":{"rendered":"Informes Tecnicos"},"content":{"rendered":"<p>[et_pb_section fb_built=\u00bb1&#8243; admin_label=\u00bbsection\u00bb _builder_version=\u00bb4.16&#8243; da_disable_devices=\u00bboff|off|off\u00bb global_colors_info=\u00bb{}\u00bb da_is_popup=\u00bboff\u00bb da_exit_intent=\u00bboff\u00bb da_has_close=\u00bbon\u00bb da_alt_close=\u00bboff\u00bb da_dark_close=\u00bboff\u00bb da_not_modal=\u00bbon\u00bb da_is_singular=\u00bboff\u00bb da_with_loader=\u00bboff\u00bb da_has_shadow=\u00bbon\u00bb][et_pb_row column_structure=\u00bb1_2,1_2&#8243; admin_label=\u00bbrow\u00bb _builder_version=\u00bb4.16&#8243; background_size=\u00bbinitial\u00bb background_position=\u00bbtop_left\u00bb background_repeat=\u00bbrepeat\u00bb global_colors_info=\u00bb{}\u00bb][et_pb_column type=\u00bb1_2&#8243; _builder_version=\u00bb4.16&#8243; custom_padding=\u00bb|||\u00bb global_colors_info=\u00bb{}\u00bb custom_padding__hover=\u00bb|||\u00bb][et_pb_text admin_label=\u00bbTexto\u00bb _builder_version=\u00bb4.24.2&#8243; background_size=\u00bbinitial\u00bb background_position=\u00bbtop_left\u00bb background_repeat=\u00bbrepeat\u00bb min_height=\u00bb20.6px\u00bb custom_margin=\u00bb||63px|||\u00bb custom_padding=\u00bb||141px|||\u00bb use_border_color=\u00bboff\u00bb border_color=\u00bb#ffffff\u00bb border_style=\u00bbsolid\u00bb global_colors_info=\u00bb{}\u00bb]<\/p>\n<h1><span style=\"font-family: 'Open Sans'; font-weight: 300;\"><span style=\"font-size: 50px;\"><\/span><\/span><\/h1>\n<h1><span style=\"font-family: 'Open Sans'; font-weight: 300;\"><span style=\"font-size: 50px;\"><\/span><\/span><\/h1>\n<h1><span style=\"font-family: 'Open Sans'; font-weight: 300;\"><span style=\"font-size: 50px;\">Informes T\u00e9cnicos<\/span><\/span><\/h1>\n<p>[\/et_pb_text][\/et_pb_column][et_pb_column type=\u00bb1_2&#8243; _builder_version=\u00bb4.16&#8243; custom_padding=\u00bb|||\u00bb global_colors_info=\u00bb{}\u00bb custom_padding__hover=\u00bb|||\u00bb][et_pb_text admin_label=\u00bbTexto\u00bb _builder_version=\u00bb4.24.2&#8243; background_size=\u00bbinitial\u00bb background_position=\u00bbtop_left\u00bb background_repeat=\u00bbrepeat\u00bb min_height=\u00bb50.2px\u00bb use_border_color=\u00bboff\u00bb border_color=\u00bb#ffffff\u00bb border_style=\u00bbsolid\u00bb global_colors_info=\u00bb{}\u00bb]<\/p>\n<p>&nbsp;<\/p>\n<p>En esta secci\u00f3n se presentan informes t\u00e9cnicos de la provincia de Entre R\u00edos del \u00c1rea Social Poblacional<\/p>\n<p>[\/et_pb_text][et_pb_accordion admin_label=\u00bbAcorde\u00f3n\u00bb _builder_version=\u00bb4.24.2&#8243; hover_enabled=\u00bb0&#8243; use_border_color=\u00bboff\u00bb border_color=\u00bb#ffffff\u00bb border_style=\u00bbsolid\u00bb global_colors_info=\u00bb{}\u00bb sticky_enabled=\u00bb0&#8243;][et_pb_accordion_item title=\u00bb Los cambios en la estructura por edad y sexo de la poblaci\u00f3n seg\u00fan los Censos Nacionales del siglo XXI\u00bb open=\u00bbon\u00bb _builder_version=\u00bb4.24.2&#8243; global_colors_info=\u00bb{}\u00bb]<a href=\"https:\/\/www.entrerios.gov.ar\/dgec\/wp-content\/uploads\/2024\/05\/Entre-Rios-los-cambios-en-la-estructura-por-sexo-y-edad-segun-Censos-siglo-XXI-1.pdf\"><img loading=\"lazy\" decoding=\"async\" class=\"alignnone wp-image-413\" src=\"http:\/\/www.entrerios.gov.ar\/dgec\/wp-content\/uploads\/2017\/01\/logopdf.png\" alt=\"logopdf\" width=\"40\" height=\"49\" \/><\/a>[\/et_pb_accordion_item][et_pb_accordion_item title=\u00bbTrabajadoras\/es de casas particulares\u00bb open=\u00bboff\u00bb _builder_version=\u00bb4.24.2&#8243; hover_enabled=\u00bb0&#8243; global_colors_info=\u00bb{}\u00bb sticky_enabled=\u00bb0&#8243;]<\/p>\n<p><a href=\"https:\/\/www.entrerios.gov.ar\/dgec\/wp-content\/uploads\/2024\/04\/TRABAJADORAS-ES-EN-CASAS-PARTICULARES-3o-TRIMESTRE-2023.pdf\"><img loading=\"lazy\" decoding=\"async\" class=\"alignnone wp-image-413\" src=\"http:\/\/www.entrerios.gov.ar\/dgec\/wp-content\/uploads\/2017\/01\/logopdf.png\" alt=\"logopdf\" width=\"40\" height=\"49\" \/><\/a><\/p>\n<p>[\/et_pb_accordion_item][et_pb_accordion_item title=\u00bbCaracter\u00edsticas de los establecimientos unipersonales y de 2 a 5 personas\u00bb _builder_version=\u00bb4.24.2&#8243; hover_enabled=\u00bb0&#8243; global_colors_info=\u00bb{}\u00bb open=\u00bboff\u00bb sticky_enabled=\u00bb0&#8243;]<\/p>\n<p><a href=\"https:\/\/www.entrerios.gov.ar\/dgec\/wp-content\/uploads\/2024\/04\/ESTABLECIMIENTOS-UNIPERSONALES-Y-DE-2-A-5-PERSONAS.pdf\"><img loading=\"lazy\" decoding=\"async\" class=\"alignnone wp-image-413\" src=\"http:\/\/www.entrerios.gov.ar\/dgec\/wp-content\/uploads\/2017\/01\/logopdf.png\" alt=\"logopdf\" width=\"40\" height=\"49\" \/><\/a><\/p>\n<p>[\/et_pb_accordion_item][et_pb_accordion_item title=\u00bbCaracter\u00edsticas del Mercado Laboral de Entre R\u00edos, Gran Paran\u00e1 y Concordia &#8211; En conmemoraci\u00f3n al 1\u00ba de Mayo , D\u00eda del Trabajador\u00bb open=\u00bbon\u00bb _builder_version=\u00bb4.24.2&#8243; hover_enabled=\u00bb0&#8243; global_colors_info=\u00bb{}\u00bb sticky_enabled=\u00bb0&#8243;]<a href=\"https:\/\/www.entrerios.gov.ar\/dgec\/wp-content\/uploads\/2024\/05\/EPH-1o-de-Mayo.pdf\"><img loading=\"lazy\" decoding=\"async\" class=\"alignnone wp-image-413\" src=\"http:\/\/www.entrerios.gov.ar\/dgec\/wp-content\/uploads\/2017\/01\/logopdf.png\" alt=\"logopdf\" width=\"40\" height=\"49\" \/><\/a>[\/et_pb_accordion_item][\/et_pb_accordion][\/et_pb_column][\/et_pb_row][et_pb_row _builder_version=\u00bb4.24.2&#8243; _module_preset=\u00bbdefault\u00bb global_colors_info=\u00bb{}\u00bb][et_pb_column type=\u00bb4_4&#8243; _builder_version=\u00bb4.24.2&#8243; _module_preset=\u00bbdefault\u00bb global_colors_info=\u00bb{}\u00bb][et_pb_divider show_divider=\u00bboff\u00bb _builder_version=\u00bb4.24.2&#8243; _module_preset=\u00bbdefault\u00bb min_height=\u00bb29.6px\u00bb global_colors_info=\u00bb{}\u00bb][\/et_pb_divider][\/et_pb_column][\/et_pb_row][\/et_pb_section]<\/p>\n","protected":false},"excerpt":{"rendered":"<p>Informes T\u00e9cnicos&nbsp; En esta secci\u00f3n se presentan informes t\u00e9cnicos de la provincia de Entre R\u00edos del \u00c1rea Social Poblacional<\/p>\n","protected":false},"author":1,"featured_media":0,"parent":0,"menu_order":0,"comment_status":"closed","ping_status":"closed","template":"","meta":{"_et_pb_use_builder":"on","_et_pb_old_content":"","_et_gb_content_width":"","footnotes":""},"_links":{"self":[{"href":"https:\/\/www.entrerios.gov.ar\/dgec\/wp-json\/wp\/v2\/pages\/216387"}],"collection":[{"href":"https:\/\/www.entrerios.gov.ar\/dgec\/wp-json\/wp\/v2\/pages"}],"about":[{"href":"https:\/\/www.entrerios.gov.ar\/dgec\/wp-json\/wp\/v2\/types\/page"}],"author":[{"embeddable":true,"href":"https:\/\/www.entrerios.gov.ar\/dgec\/wp-json\/wp\/v2\/users\/1"}],"replies":[{"embeddable":true,"href":"https:\/\/www.entrerios.gov.ar\/dgec\/wp-json\/wp\/v2\/comments?post=216387"}],"version-history":[{"count":14,"href":"https:\/\/www.entrerios.gov.ar\/dgec\/wp-json\/wp\/v2\/pages\/216387\/revisions"}],"predecessor-version":[{"id":216640,"href":"https:\/\/www.entrerios.gov.ar\/dgec\/wp-json\/wp\/v2\/pages\/216387\/revisions\/216640"}],"wp:attachment":[{"href":"https:\/\/www.entrerios.gov.ar\/dgec\/wp-json\/wp\/v2\/media?parent=216387"}],"curies":[{"name":"wp","href":"https:\/\/api.w.org\/{rel}","templated":true}]}}

<p>[et_pb_section fb_built=»1&#8243; admin_label=»section» _builder_version=»4.16&#8243; da_disable_devices=»off|off|off» global_colors_info=»{}» da_is_popup=»off» da_exit_intent=»off» da_has_close=»on» da_alt_close=»off» da_dark_close=»off» da_not_modal=»on» da_is_singular=»off» da_with_loader=»off» da_has_shadow=»on»][et_pb_row column_structure=»1_2,1_2&#8243; admin_label=»row» _builder_version=»4.16&#8243; background_size=»initial» background_position=»top_left» background_repeat=»repeat» global_colors_info=»{}»][et_pb_column type=»1_2&#8243; _builder_version=»4.16&#8243; custom_padding=»|||» global_colors_info=»{}» custom_padding__hover=»|||»][et_pb_text admin_label=»Texto» _builder_version=»4.24.2&#8243; background_size=»initial» background_position=»top_left» background_repeat=»repeat» min_height=»20.6px» custom_margin=»||63px|||» custom_padding=»||141px|||» use_border_color=»off» border_color=»#ffffff» border_style=»solid» global_colors_info=»{}»]</p>
<h1><span style="font-family: 'Open Sans'; font-weight: 300;"><span style="font-size: 50px;"></span></span></h1>
<h1><span style="font-family: 'Open Sans'; font-weight: 300;"><span style="font-size: 50px;"></span></span></h1>
<h1><span style="font-family: 'Open Sans'; font-weight: 300;"><span style="font-size: 50px;">Informes Técnicos</span></span></h1>
<p>[/et_pb_text][/et_pb_column][et_pb_column type=»1_2&#8243; _builder_version=»4.16&#8243; custom_padding=»|||» global_colors_info=»{}» custom_padding__hover=»|||»][et_pb_text admin_label=»Texto» _builder_version=»4.24.2&#8243; background_size=»initial» background_position=»top_left» background_repeat=»repeat» min_height=»50.2px» use_border_color=»off» border_color=»#ffffff» border_style=»solid» global_colors_info=»{}»]</p>
<p>&nbsp;</p>
<p>En esta sección se presentan informes técnicos de la provincia de Entre Ríos del Área Social Poblacional</p>
<p>[/et_pb_text][et_pb_accordion admin_label=»Acordeón» _builder_version=»4.24.2&#8243; hover_enabled=»0&#8243; use_border_color=»off» border_color=»#ffffff» border_style=»solid» global_colors_info=»{}» sticky_enabled=»0&#8243;][et_pb_accordion_item title=» Los cambios en la estructura por edad y sexo de la población según los Censos Nacionales del siglo XXI» open=»on» _builder_version=»4.24.2&#8243; global_colors_info=»{}»]<a href="https://www.entrerios.gov.ar/dgec/wp-content/uploads/2024/05/Entre-Rios-los-cambios-en-la-estructura-por-sexo-y-edad-segun-Censos-siglo-XXI-1.pdf"><img loading="lazy" decoding="async" class="alignnone wp-image-413" src="http://www.entrerios.gov.ar/dgec/wp-content/uploads/2017/01/logopdf.png" alt="logopdf" width="40" height="49" /></a>[/et_pb_accordion_item][et_pb_accordion_item title=»Trabajadoras/es de casas particulares» open=»off» _builder_version=»4.24.2&#8243; hover_enabled=»0&#8243; global_colors_info=»{}» sticky_enabled=»0&#8243;]</p>
<p><a href="https://www.entrerios.gov.ar/dgec/wp-content/uploads/2024/04/TRABAJADORAS-ES-EN-CASAS-PARTICULARES-3o-TRIMESTRE-2023.pdf"><img loading="lazy" decoding="async" class="alignnone wp-image-413" src="http://www.entrerios.gov.ar/dgec/wp-content/uploads/2017/01/logopdf.png" alt="logopdf" width="40" height="49" /></a></p>
<p>[/et_pb_accordion_item][et_pb_accordion_item title=»Características de los establecimientos unipersonales y de 2 a 5 personas» _builder_version=»4.24.2&#8243; hover_enabled=»0&#8243; global_colors_info=»{}» open=»off» sticky_enabled=»0&#8243;]</p>
<p><a href="https://www.entrerios.gov.ar/dgec/wp-content/uploads/2024/04/ESTABLECIMIENTOS-UNIPERSONALES-Y-DE-2-A-5-PERSONAS.pdf"><img loading="lazy" decoding="async" class="alignnone wp-image-413" src="http://www.entrerios.gov.ar/dgec/wp-content/uploads/2017/01/logopdf.png" alt="logopdf" width="40" height="49" /></a></p>
<p>[/et_pb_accordion_item][et_pb_accordion_item title=»Características del Mercado Laboral de Entre Ríos, Gran Paraná y Concordia &#8211; En conmemoración al 1º de Mayo , Día del Trabajador» open=»on» _builder_version=»4.24.2&#8243; hover_enabled=»0&#8243; global_colors_info=»{}» sticky_enabled=»0&#8243;]<a href="https://www.entrerios.gov.ar/dgec/wp-content/uploads/2024/05/EPH-1o-de-Mayo.pdf"><img loading="lazy" decoding="async" class="alignnone wp-image-413" src="http://www.entrerios.gov.ar/dgec/wp-content/uploads/2017/01/logopdf.png" alt="logopdf" width="40" height="49" /></a>[/et_pb_accordion_item][/et_pb_accordion][/et_pb_column][/et_pb_row][et_pb_row _builder_version=»4.24.2&#8243; _module_preset=»default» global_colors_info=»{}»][et_pb_column type=»4_4&#8243; _builder_version=»4.24.2&#8243; _module_preset=»default» global_colors_info=»{}»][et_pb_divider show_divider=»off» _builder_version=»4.24.2&#8243; _module_preset=»default» min_height=»29.6px» global_colors_info=»{}»][/et_pb_divider][/et_pb_column][/et_pb_row][/et_pb_section]</p>

<p>Informes Técnicos&nbsp; En esta sección se presentan informes técnicos de la provincia de Entre Ríos del Área Social Poblacional</p>
