{"id":4308,"date":"2017-08-28T15:22:19","date_gmt":"2017-08-28T15:22:19","guid":{"rendered":"https:\/\/www.entrerios.gov.ar\/dgec\/?page_id=4308"},"modified":"2017-11-29T12:55:52","modified_gmt":"2017-11-29T12:55:52","slug":"engho2017","status":"publish","type":"page","link":"https:\/\/www.entrerios.gov.ar\/dgec\/engho2017\/","title":{"rendered":"engho2017"},"content":{"rendered":"<p>[et_pb_section fb_built=\u00bb1&#8243; admin_label=\u00bbsection\u00bb][et_pb_row admin_label=\u00bbrow\u00bb][et_pb_column type=\u00bb1_2&#8243; parallax=\u00bboff\u00bb parallax_method=\u00bbon\u00bb][et_pb_video src=\u00bbhttps:\/\/www.entrerios.gov.ar\/dgec\/wp-content\/uploads\/2017\/11\/INDEC-Argentina-en-Twitter-Encuesta-Nacional-de-Gastos-de-lo-1.mp4&#8243; image_src=\u00bbhttps:\/\/www.entrerios.gov.ar\/dgec\/wp-content\/uploads\/2017\/08\/banner_engho.jpg\u00bb admin_label=\u00bbV\u00eddeo\u00bb][\/et_pb_video][et_pb_video src=\u00bbhttps:\/\/www.entrerios.gov.ar\/dgec\/wp-content\/uploads\/2017\/11\/Encuesta-Nacional-de-Gastos-de-los-Hogares-20172018.mp4&#8243; image_src=\u00bbhttps:\/\/www.entrerios.gov.ar\/dgec\/wp-content\/uploads\/2017\/11\/001252448.jpg\u00bb admin_label=\u00bbV\u00eddeo\u00bb][\/et_pb_video][et_pb_text admin_label=\u00bbTexto\u00bb]<\/p>\n<p>\u00a0<\/p>\n<p style=\"text-align: justify;\"><span style=\"font-size: 14px;\">La Direcci\u00f3n General de Estad\u00edstica y Censos informa que desde el 10 de noviembre realiza en conjunto con el Instituto Nacional de Estad\u00edstica y Censos (INDEC) la Encuesta Nacional de Gastos de los Hogares (ENGHo) 2017\/18. El relevamiento se llevar\u00e1 a cabo durante un a\u00f1o en localidades de 2.000 habitantes o m\u00e1s de todo el pa\u00eds.<br \/> En Entre R\u00edos la muestra abarca 259 \u00e1reas de 21 localidades, incluyendo proporcionalmente a hogares de todos los estratos sociales.<\/span><\/p>\n<p>Para m\u00e1s informaci\u00f3n lea la <strong><a href=\"https:\/\/www.entrerios.gov.ar\/dgec\/wp-content\/uploads\/2017\/11\/Gacetilla-ENGHo-2017.pdf\">Gacetilla de Prensa<\/a><\/strong>.<\/p>\n<p><strong>Acceda al Padr\u00f3n de Encuestadores de este operativo.<\/strong><\/p>\n<p>\u00a0<\/p>\n<p>[\/et_pb_text][et_pb_button button_url=\u00bbhttps:\/\/www.entrerios.gov.ar\/dgec\/\u00bb button_text=\u00bbPad\u00f3n de Encuestadores\u00bb button_alignment=\u00bbleft\u00bb admin_label=\u00bbBot\u00f3n\u00bb background_color=\u00bb#7aae4c\u00bb][\/et_pb_button][\/et_pb_column][et_pb_column type=\u00bb1_2&#8243; parallax=\u00bboff\u00bb parallax_method=\u00bbon\u00bb][et_pb_accordion admin_label=\u00bbAcorde\u00f3n\u00bb][et_pb_accordion_item title=\u00bb\u00bfQu\u00e9 es la ENGHo?\u00bb open=\u00bbon\u00bb]<\/p>\n<p>La Encuesta Nacional de Gastos de los Hogares (ENGHo) es la \u00fanica encuesta que permite tomar la fotograf\u00eda completa de los hogares argentinos mediante el relevamiento de sus ingresos y sus gastos. Sus resultados muestran la estructura social y econ\u00f3mica del pa\u00eds, contribuyendo as\u00ed a la planificaci\u00f3n de pol\u00edticas p\u00fablicas.<\/p>\n<p>[\/et_pb_accordion_item][et_pb_accordion_item title=\u00bb\u00bfPor qu\u00e9 es importante participar?\u00bb open=\u00bboff\u00bb]<\/p>\n<p>La participaci\u00f3n de la ciudadan\u00eda es fundamental en la ENGHo, ya que aquellos seleccionados para responderla representan a los hogares de todas las provincias y niveles socioecon\u00f3micos del pa\u00eds.<br \/>\nSi tu hogar es seleccionado para participar, es importante que brindes la informaci\u00f3n m\u00e1s completa y veraz posible. Los datos personales son confidenciales y se publican en compilaciones de conjunto con fines estad\u00edsticos.<\/p>\n<p>[\/et_pb_accordion_item][et_pb_accordion_item title=\u00bb\u00bfC\u00f3mo se realiza?\u00bb open=\u00bboff\u00bb]<\/p>\n<p>La ENGHo releva alrededor de 45.000 hogares, ubicados en centros urbanos de 2000 habitantes y m\u00e1s de todo el pa\u00eds, a fines de representar la diversidad regional y socioecon\u00f3mica de la Argentina.<br \/>\nSe lleva a cabo durante un per\u00edodo de 12 meses, desde octubre de 2017 a septiembre de 2018, para observar la variaci\u00f3n de los h\u00e1bitos de consumo seg\u00fan las distintas \u00e9pocas del a\u00f1o.<br \/>\nEl INDEC, como coordinador del Sistema Estad\u00edstico Nacional (SEN), est\u00e1 a cargo de la ENGHo, y las Direcciones Provinciales de Estad\u00edstica son responsables del relevamiento en sus respectivas jurisdicciones. En el operativo trabajan m\u00e1s de 550 personas, de las cuales 340 integran los equipos de encuestadores.<\/p>\n<p>[\/et_pb_accordion_item][et_pb_accordion_item title=\u00bb\u00bfPara qu\u00e9 sirve la ENGHo?\u00bb open=\u00bboff\u00bb]<\/p>\n<p>* Conocer el consumo de bienes y servicios que realizan los hogares seg\u00fan su composici\u00f3n, la edad de sus miembros, su provincia de residencia y su nivel de ingresos, y registrar la variaci\u00f3n que se produce en las distintas \u00e9pocas del a\u00f1o.<br \/>\n* Observar la evoluci\u00f3n de los h\u00e1bitos de consumo a trav\u00e9s del tiempo, en comparaci\u00f3n con los resultados de las encuestas de gastos anteriores.<br \/>\n* Obtener informaci\u00f3n para determinar una canasta representativa de los bienes y servicios que consumen los hogares y as\u00ed elaborar el \u00cdndice de Precios al Consumidor (IPC).<br \/>\n* Contribuir a la definici\u00f3n de la canasta b\u00e1sica, a partir de la cual se estima la poblaci\u00f3n en situaci\u00f3n de pobreza.<br \/>\n* Aportar datos para la elaboraci\u00f3n de indicadores de la econom\u00eda nacional.<br \/>\nLos resultados ser\u00e1n presentados a nivel nacional y provincial, y producir\u00e1n informaci\u00f3n \u00fatil para la planificaci\u00f3n de pol\u00edticas p\u00fablicas y la toma de decisiones en cada una de las jurisdicciones del pa\u00eds.<\/p>\n<p>[\/et_pb_accordion_item][et_pb_accordion_item title=\u00bbSi te contactaron\u00bb open=\u00bboff\u00bb]<\/p>\n<p><a href=\"https:\/\/www.entrerios.gov.ar\/dgec\/wp-content\/uploads\/2017\/08\/contactaro-engho-grande.jpg\"><img loading=\"lazy\" decoding=\"async\" class=\"aligncenter wp-image-4314 size-full\" src=\"https:\/\/www.entrerios.gov.ar\/dgec\/wp-content\/uploads\/2017\/08\/contactaro-engho.jpg\" alt=\"\" width=\"500\" height=\"130\" \/><\/a><\/p>\n<p>[\/et_pb_accordion_item][et_pb_accordion_item title=\u00bbConfidencialidad de la informaci\u00f3n\u00bb open=\u00bboff\u00bb]<\/p>\n<p>La informaci\u00f3n que le brindes al encuestador formar\u00e1 parte de una compilaci\u00f3n de miles de datos que s\u00f3lo podr\u00e1n publicarse de manera an\u00f3nima y agregada con fines estad\u00edsticos. Tus datos particulares son confidenciales y se encuentran protegidos por el secreto estad\u00edstico, seg\u00fan lo dispuesto por la Ley 17.622.<br \/>\nEsta ley, adem\u00e1s, faculta al INDEC para solicitar informaci\u00f3n a cualquier persona natural o jur\u00eddica que habite en el territorio nacional.<\/p>\n<p>[\/et_pb_accordion_item][\/et_pb_accordion][\/et_pb_column][\/et_pb_row][\/et_pb_section]<\/p>\n","protected":false},"excerpt":{"rendered":"<p>\u00a0 La Direcci\u00f3n General de Estad\u00edstica y Censos informa que desde el 10 de noviembre realiza en conjunto con el Instituto Nacional de Estad\u00edstica y Censos (INDEC) la Encuesta Nacional de Gastos de los Hogares (ENGHo) 2017\/18. El relevamiento se llevar\u00e1 a cabo durante un a\u00f1o en localidades de 2.000 habitantes o m\u00e1s de todo [&hellip;]<\/p>\n","protected":false},"author":1,"featured_media":0,"parent":0,"menu_order":0,"comment_status":"closed","ping_status":"closed","template":"","meta":{"_et_pb_use_builder":"on","_et_pb_old_content":"","_et_gb_content_width":"","footnotes":""},"_links":{"self":[{"href":"https:\/\/www.entrerios.gov.ar\/dgec\/wp-json\/wp\/v2\/pages\/4308"}],"collection":[{"href":"https:\/\/www.entrerios.gov.ar\/dgec\/wp-json\/wp\/v2\/pages"}],"about":[{"href":"https:\/\/www.entrerios.gov.ar\/dgec\/wp-json\/wp\/v2\/types\/page"}],"author":[{"embeddable":true,"href":"https:\/\/www.entrerios.gov.ar\/dgec\/wp-json\/wp\/v2\/users\/1"}],"replies":[{"embeddable":true,"href":"https:\/\/www.entrerios.gov.ar\/dgec\/wp-json\/wp\/v2\/comments?post=4308"}],"version-history":[{"count":0,"href":"https:\/\/www.entrerios.gov.ar\/dgec\/wp-json\/wp\/v2\/pages\/4308\/revisions"}],"wp:attachment":[{"href":"https:\/\/www.entrerios.gov.ar\/dgec\/wp-json\/wp\/v2\/media?parent=4308"}],"curies":[{"name":"wp","href":"https:\/\/api.w.org\/{rel}","templated":true}]}}